{"id":99213,"date":"2021-01-22T23:39:22","date_gmt":"2021-01-22T23:39:22","guid":{"rendered":"https:\/\/ifoffice.pt\/produto\/import-placeholder-for-14822\/"},"modified":"2026-02-23T13:35:26","modified_gmt":"2026-02-23T13:35:26","slug":"giz-robercolor-branco-caixa-100-unidades","status":"publish","type":"product","link":"https:\/\/ifoffice.pt\/?product=giz-robercolor-branco-caixa-100-unidades","title":{"rendered":"Giz robercolor branco caixa 100 unidades"},"content":{"rendered":"<p>Para quadros. Giz de forma cil\u00edndrica antip\u00f3, n\u00e3o mancha. Gra\u00e7as \u00e0 sua forma antip\u00f3, est\u00e3o recomendados para crian\u00e7as com problemas asm\u00e1ticos. Sem gl\u00faten. A caixa.<\/p>\n","protected":false},"excerpt":{"rendered":"<p>Giz robercolor branco caixa 100 unidades<\/p>\n","protected":false},"featured_media":130461,"comment_status":"closed","ping_status":"closed","template":"","meta":{"neve_meta_sidebar":"","neve_meta_container":"","neve_meta_enable_content_width":"off","neve_meta_content_width":0,"neve_meta_title_alignment":"","neve_meta_author_avatar":"","neve_post_elements_order":"","neve_meta_disable_header":"","neve_meta_disable_footer":"","neve_meta_disable_title":""},"product_brand":[],"product_cat":[1908],"product_tag":[2119],"class_list":{"0":"post-99213","1":"product","2":"type-product","3":"status-publish","4":"has-post-thumbnail","6":"product_cat-acessorios-para-quadros","7":"product_tag-giz","9":"first","10":"instock","11":"taxable","12":"shipping-taxable","13":"purchasable","14":"product-type-simple"},"_links":{"self":[{"href":"https:\/\/ifoffice.pt\/index.php?rest_route=\/wp\/v2\/product\/99213","targetHints":{"allow":["GET"]}}],"collection":[{"href":"https:\/\/ifoffice.pt\/index.php?rest_route=\/wp\/v2\/product"}],"about":[{"href":"https:\/\/ifoffice.pt\/index.php?rest_route=\/wp\/v2\/types\/product"}],"replies":[{"embeddable":true,"href":"https:\/\/ifoffice.pt\/index.php?rest_route=%2Fwp%2Fv2%2Fcomments&post=99213"}],"wp:featuredmedia":[{"embeddable":true,"href":"https:\/\/ifoffice.pt\/index.php?rest_route=\/wp\/v2\/media\/130461"}],"wp:attachment":[{"href":"https:\/\/ifoffice.pt\/index.php?rest_route=%2Fwp%2Fv2%2Fmedia&parent=99213"}],"wp:term":[{"taxonomy":"product_brand","embeddable":true,"href":"https:\/\/ifoffice.pt\/index.php?rest_route=%2Fwp%2Fv2%2Fproduct_brand&post=99213"},{"taxonomy":"product_cat","embeddable":true,"href":"https:\/\/ifoffice.pt\/index.php?rest_route=%2Fwp%2Fv2%2Fproduct_cat&post=99213"},{"taxonomy":"product_tag","embeddable":true,"href":"https:\/\/ifoffice.pt\/index.php?rest_route=%2Fwp%2Fv2%2Fproduct_tag&post=99213"}],"curies":[{"name":"wp","href":"https:\/\/api.w.org\/{rel}","templated":true}]}}