{"id":98855,"date":"2021-01-22T23:36:24","date_gmt":"2021-01-22T23:36:24","guid":{"rendered":"https:\/\/ifoffice.pt\/produto\/import-placeholder-for-18607\/"},"modified":"2026-02-23T13:34:53","modified_gmt":"2026-02-23T13:34:53","slug":"fita-dymo-d1-preto-verde-12-mm-x-7-mt","status":"publish","type":"product","link":"https:\/\/ifoffice.pt\/?product=fita-dymo-d1-preto-verde-12-mm-x-7-mt","title":{"rendered":"Fita dymo d1 preto-verde 12 mm x 7 mt"},"content":{"rendered":"<p>A fita D1 DYMO 1000 Preto-Verde 12 mm x 7 m \u00e9 uma solu\u00e7\u00e3o vers\u00e1til e eficiente para todas as suas necessidades de etiquetagem. Concebida especificamente para utiliza\u00e7\u00e3o com modelos de etiquetadoras DYMO , como o LabelManager e o LabelPoint, esta fita garante um desempenho ideal para qualquer aplica\u00e7\u00e3o, seja ela interna ou externa. A sua combina\u00e7\u00e3o de cores e materiais de alta qualidade tornam-no ideal para diversas tarefas organizacionais em escrit\u00f3rios, casas e muito mais.<\/p>\n<ul>\n<li><strong>Compatibilidade:<\/strong>\u00a0Compat\u00edvel com v\u00e1rios modelos de impressoras de etiquetas DYMO, garantindo uma integra\u00e7\u00e3o perfeita e uma etiquetagem sem complica\u00e7\u00f5es.<\/li>\n<li><strong>Dimens\u00f5es:<\/strong>\u00a0Com uma largura de 12 mm e um comprimento de 7 metros, permite a cria\u00e7\u00e3o de in\u00fameras etiquetas por rolo, maximizando a sua utiliza\u00e7\u00e3o.<\/li>\n<li><strong>Cores:<\/strong>\u00a0Apresenta um contraste apelativo com texto preto sobre fundo verde, perfeito para realce e codifica\u00e7\u00e3o por cores.<\/li>\n<li><strong>Material e Durabilidade:<\/strong>\u00a0Fabricado com materiais resistentes ao desbotamento, \u00e0 \u00e1gua e a temperaturas extremas, garante uma longa dura\u00e7\u00e3o mesmo em condi\u00e7\u00f5es adversas.<\/li>\n<li><strong>Aplica\u00e7\u00f5es:<\/strong>\u00a0Ideal para identificar arquivos, equipamentos e muito mais, tanto em ambientes profissionais como dom\u00e9sticos.<\/li>\n<li><strong>F\u00e1cil de utilizar:<\/strong>\u00a0instala\u00e7\u00e3o simples em impressoras de etiquetas DYMO, com impress\u00e3o n\u00edtida e corte f\u00e1cil, al\u00e9m de um adesivo eficaz para uma aplica\u00e7\u00e3o fi\u00e1vel.<\/li>\n<\/ul>\n<p>A fita DYMO 1000 Preto-Verde 12mm x 7m D1 \u00e9 uma excelente op\u00e7\u00e3o para quem procura efici\u00eancia e clareza nas suas tarefas de etiquetagem. Gra\u00e7as \u00e0 sua durabilidade e f\u00e1cil manuseamento, \u00e9 uma ferramenta cada vez mais necess\u00e1ria na organiza\u00e7\u00e3o e gest\u00e3o de qualquer espa\u00e7o.<\/p>\n","protected":false},"excerpt":{"rendered":"<p>Fita dymo d1 preto-verde 12 mm x 7 mt<\/p>\n","protected":false},"featured_media":131599,"comment_status":"closed","ping_status":"closed","template":"","meta":{"neve_meta_sidebar":"","neve_meta_container":"","neve_meta_enable_content_width":"off","neve_meta_content_width":100,"neve_meta_title_alignment":"","neve_meta_author_avatar":"","neve_post_elements_order":"","neve_meta_disable_header":"","neve_meta_disable_footer":"","neve_meta_disable_title":""},"product_brand":[],"product_cat":[1790],"product_tag":[1204],"class_list":{"0":"post-98855","1":"product","2":"type-product","3":"status-publish","4":"has-post-thumbnail","6":"product_cat-etiquetadoras-e-fitas","7":"product_tag-consumivel-etiquetadora","9":"first","10":"outofstock","11":"taxable","12":"shipping-taxable","13":"purchasable","14":"product-type-simple"},"_links":{"self":[{"href":"https:\/\/ifoffice.pt\/index.php?rest_route=\/wp\/v2\/product\/98855","targetHints":{"allow":["GET"]}}],"collection":[{"href":"https:\/\/ifoffice.pt\/index.php?rest_route=\/wp\/v2\/product"}],"about":[{"href":"https:\/\/ifoffice.pt\/index.php?rest_route=\/wp\/v2\/types\/product"}],"replies":[{"embeddable":true,"href":"https:\/\/ifoffice.pt\/index.php?rest_route=%2Fwp%2Fv2%2Fcomments&post=98855"}],"wp:featuredmedia":[{"embeddable":true,"href":"https:\/\/ifoffice.pt\/index.php?rest_route=\/wp\/v2\/media\/131599"}],"wp:attachment":[{"href":"https:\/\/ifoffice.pt\/index.php?rest_route=%2Fwp%2Fv2%2Fmedia&parent=98855"}],"wp:term":[{"taxonomy":"product_brand","embeddable":true,"href":"https:\/\/ifoffice.pt\/index.php?rest_route=%2Fwp%2Fv2%2Fproduct_brand&post=98855"},{"taxonomy":"product_cat","embeddable":true,"href":"https:\/\/ifoffice.pt\/index.php?rest_route=%2Fwp%2Fv2%2Fproduct_cat&post=98855"},{"taxonomy":"product_tag","embeddable":true,"href":"https:\/\/ifoffice.pt\/index.php?rest_route=%2Fwp%2Fv2%2Fproduct_tag&post=98855"}],"curies":[{"name":"wp","href":"https:\/\/api.w.org\/{rel}","templated":true}]}}