{"id":98445,"date":"2021-01-22T23:31:45","date_gmt":"2021-01-22T23:31:45","guid":{"rendered":"https:\/\/ifoffice.pt\/produto\/import-placeholder-for-21359\/"},"modified":"2025-03-12T15:41:19","modified_gmt":"2025-03-12T15:41:19","slug":"organizador-de-secretaria-com-15-acessorios-transparente","status":"publish","type":"product","link":"https:\/\/ifoffice.pt\/?product=organizador-de-secretaria-com-15-acessorios-transparente","title":{"rendered":"Organizador de secretaria com 15 acessorios transparente"},"content":{"rendered":"<p>Conjunto de escrit\u00f3rio transparente, composto por 14 pe\u00e7as. 4 l\u00e1pis, 2 esferogr\u00e1ficas, 1 x-ato, 1 tesoura, 1 r\u00e9gua 15cm, 1 borracha, 1 agrafador, 1 caixa de agrafes n\u00ba10, 30 clips, 1 post-it. Medidas: 154 x 105 x 100 mm. O organizador.<\/p>\n","protected":false},"excerpt":{"rendered":"<p>Organizador de secretaria com 15 acessorios transparente<\/p>\n","protected":false},"featured_media":130485,"comment_status":"closed","ping_status":"closed","template":"","meta":{"neve_meta_sidebar":"","neve_meta_container":"","neve_meta_enable_content_width":"","neve_meta_content_width":0,"neve_meta_title_alignment":"","neve_meta_author_avatar":"","neve_post_elements_order":"","neve_meta_disable_header":"","neve_meta_disable_footer":"","neve_meta_disable_title":""},"product_brand":[],"product_cat":[1900],"product_tag":[1229],"class_list":{"0":"post-98445","1":"product","2":"type-product","3":"status-publish","4":"has-post-thumbnail","6":"product_cat-organizadores","7":"product_tag-organizadores","9":"first","10":"instock","11":"taxable","12":"shipping-taxable","13":"purchasable","14":"product-type-simple"},"_links":{"self":[{"href":"https:\/\/ifoffice.pt\/index.php?rest_route=\/wp\/v2\/product\/98445","targetHints":{"allow":["GET"]}}],"collection":[{"href":"https:\/\/ifoffice.pt\/index.php?rest_route=\/wp\/v2\/product"}],"about":[{"href":"https:\/\/ifoffice.pt\/index.php?rest_route=\/wp\/v2\/types\/product"}],"replies":[{"embeddable":true,"href":"https:\/\/ifoffice.pt\/index.php?rest_route=%2Fwp%2Fv2%2Fcomments&post=98445"}],"wp:featuredmedia":[{"embeddable":true,"href":"https:\/\/ifoffice.pt\/index.php?rest_route=\/wp\/v2\/media\/130485"}],"wp:attachment":[{"href":"https:\/\/ifoffice.pt\/index.php?rest_route=%2Fwp%2Fv2%2Fmedia&parent=98445"}],"wp:term":[{"taxonomy":"product_brand","embeddable":true,"href":"https:\/\/ifoffice.pt\/index.php?rest_route=%2Fwp%2Fv2%2Fproduct_brand&post=98445"},{"taxonomy":"product_cat","embeddable":true,"href":"https:\/\/ifoffice.pt\/index.php?rest_route=%2Fwp%2Fv2%2Fproduct_cat&post=98445"},{"taxonomy":"product_tag","embeddable":true,"href":"https:\/\/ifoffice.pt\/index.php?rest_route=%2Fwp%2Fv2%2Fproduct_tag&post=98445"}],"curies":[{"name":"wp","href":"https:\/\/api.w.org\/{rel}","templated":true}]}}