{"id":97710,"date":"2021-01-22T23:25:29","date_gmt":"2021-01-22T23:25:29","guid":{"rendered":"https:\/\/ifoffice.pt\/produto\/import-placeholder-for-24462\/"},"modified":"2026-02-23T13:33:15","modified_gmt":"2026-02-23T13:33:15","slug":"lupa-cristal-q-connect-aro-metalico-50-mm","status":"publish","type":"product","link":"https:\/\/ifoffice.pt\/?product=lupa-cristal-q-connect-aro-metalico-50-mm","title":{"rendered":"Lupa cristal q-connect aro metalico &#8211; 50 mm"},"content":{"rendered":"<p>Aro met\u00e1lico, cabo de cor preto e alta precis\u00e3o. Vidro \u00f3tico antideforma\u00e7\u00e3o. Aumenta 3 vezes. A lupa.<\/p>\n","protected":false},"excerpt":{"rendered":"<p>Lupa cristal q-connect aro metalico &#8211; 50 mm<\/p>\n","protected":false},"featured_media":130663,"comment_status":"closed","ping_status":"closed","template":"","meta":{"neve_meta_sidebar":"","neve_meta_container":"","neve_meta_enable_content_width":"","neve_meta_content_width":0,"neve_meta_title_alignment":"","neve_meta_author_avatar":"","neve_post_elements_order":"","neve_meta_disable_header":"","neve_meta_disable_footer":"","neve_meta_disable_title":""},"product_brand":[],"product_cat":[1943],"product_tag":[1481],"class_list":{"0":"post-97710","1":"product","2":"type-product","3":"status-publish","4":"has-post-thumbnail","6":"product_cat-lupas","7":"product_tag-lupas","9":"first","10":"instock","11":"sale","12":"taxable","13":"shipping-taxable","14":"purchasable","15":"product-type-simple"},"_links":{"self":[{"href":"https:\/\/ifoffice.pt\/index.php?rest_route=\/wp\/v2\/product\/97710","targetHints":{"allow":["GET"]}}],"collection":[{"href":"https:\/\/ifoffice.pt\/index.php?rest_route=\/wp\/v2\/product"}],"about":[{"href":"https:\/\/ifoffice.pt\/index.php?rest_route=\/wp\/v2\/types\/product"}],"replies":[{"embeddable":true,"href":"https:\/\/ifoffice.pt\/index.php?rest_route=%2Fwp%2Fv2%2Fcomments&post=97710"}],"wp:featuredmedia":[{"embeddable":true,"href":"https:\/\/ifoffice.pt\/index.php?rest_route=\/wp\/v2\/media\/130663"}],"wp:attachment":[{"href":"https:\/\/ifoffice.pt\/index.php?rest_route=%2Fwp%2Fv2%2Fmedia&parent=97710"}],"wp:term":[{"taxonomy":"product_brand","embeddable":true,"href":"https:\/\/ifoffice.pt\/index.php?rest_route=%2Fwp%2Fv2%2Fproduct_brand&post=97710"},{"taxonomy":"product_cat","embeddable":true,"href":"https:\/\/ifoffice.pt\/index.php?rest_route=%2Fwp%2Fv2%2Fproduct_cat&post=97710"},{"taxonomy":"product_tag","embeddable":true,"href":"https:\/\/ifoffice.pt\/index.php?rest_route=%2Fwp%2Fv2%2Fproduct_tag&post=97710"}],"curies":[{"name":"wp","href":"https:\/\/api.w.org\/{rel}","templated":true}]}}