{"id":97394,"date":"2021-01-22T23:19:51","date_gmt":"2021-01-22T23:19:51","guid":{"rendered":"https:\/\/ifoffice.pt\/produto\/import-placeholder-for-25514\/"},"modified":"2026-03-02T10:29:08","modified_gmt":"2026-03-02T10:29:08","slug":"saca-agrafes-q-connect-preto-plastico-e-metal","status":"publish","type":"product","link":"https:\/\/ifoffice.pt\/?product=saca-agrafes-q-connect-preto-plastico-e-metal","title":{"rendered":"Saca agrafes q-connect preto plastico e metal"},"content":{"rendered":"<p>Pl\u00e1stico e metal. F\u00e1cil extra\u00e7\u00e3o do agrafe. Com fecho de seguran\u00e7a. Cor preta. Medidas: 55 x 25 x 35 mm. O saca agrafes.<\/p>\n","protected":false},"excerpt":{"rendered":"<p>Saca agrafes q-connect preto plastico e metal<\/p>\n","protected":false},"featured_media":130184,"comment_status":"closed","ping_status":"closed","template":"","meta":{"neve_meta_sidebar":"","neve_meta_container":"","neve_meta_enable_content_width":"off","neve_meta_content_width":100,"neve_meta_title_alignment":"","neve_meta_author_avatar":"","neve_post_elements_order":"","neve_meta_disable_header":"","neve_meta_disable_footer":"","neve_meta_disable_title":""},"product_brand":[],"product_cat":[1937],"product_tag":[2755],"class_list":{"0":"post-97394","1":"product","2":"type-product","3":"status-publish","4":"has-post-thumbnail","6":"product_cat-saca-agrafes","7":"product_tag-saca-agrafes","9":"first","10":"instock","11":"taxable","12":"shipping-taxable","13":"purchasable","14":"product-type-simple"},"_links":{"self":[{"href":"https:\/\/ifoffice.pt\/index.php?rest_route=\/wp\/v2\/product\/97394","targetHints":{"allow":["GET"]}}],"collection":[{"href":"https:\/\/ifoffice.pt\/index.php?rest_route=\/wp\/v2\/product"}],"about":[{"href":"https:\/\/ifoffice.pt\/index.php?rest_route=\/wp\/v2\/types\/product"}],"replies":[{"embeddable":true,"href":"https:\/\/ifoffice.pt\/index.php?rest_route=%2Fwp%2Fv2%2Fcomments&post=97394"}],"wp:featuredmedia":[{"embeddable":true,"href":"https:\/\/ifoffice.pt\/index.php?rest_route=\/wp\/v2\/media\/130184"}],"wp:attachment":[{"href":"https:\/\/ifoffice.pt\/index.php?rest_route=%2Fwp%2Fv2%2Fmedia&parent=97394"}],"wp:term":[{"taxonomy":"product_brand","embeddable":true,"href":"https:\/\/ifoffice.pt\/index.php?rest_route=%2Fwp%2Fv2%2Fproduct_brand&post=97394"},{"taxonomy":"product_cat","embeddable":true,"href":"https:\/\/ifoffice.pt\/index.php?rest_route=%2Fwp%2Fv2%2Fproduct_cat&post=97394"},{"taxonomy":"product_tag","embeddable":true,"href":"https:\/\/ifoffice.pt\/index.php?rest_route=%2Fwp%2Fv2%2Fproduct_tag&post=97394"}],"curies":[{"name":"wp","href":"https:\/\/api.w.org\/{rel}","templated":true}]}}