{"id":97002,"date":"2021-01-22T23:16:32","date_gmt":"2021-01-22T23:16:32","guid":{"rendered":"https:\/\/ifoffice.pt\/produto\/import-placeholder-for-26855\/"},"modified":"2026-02-23T13:31:56","modified_gmt":"2026-02-23T13:31:56","slug":"esponjas-jovi-4-16-bolsa-de-16-unidades","status":"publish","type":"product","link":"https:\/\/ifoffice.pt\/?product=esponjas-jovi-4-16-bolsa-de-16-unidades","title":{"rendered":"Esponjas jovi 4\/16 bolsa de 16 unidades"},"content":{"rendered":"<p>Cont\u00e9m 16 unidades. N\u00e3o  recomend\u00e1vel a menores de 3 anos.<\/p>\n","protected":false},"excerpt":{"rendered":"<p>Esponjas jovi 4\/16 bolsa de 16 unidades<\/p>\n","protected":false},"featured_media":131544,"comment_status":"closed","ping_status":"closed","template":"","meta":{"neve_meta_sidebar":"","neve_meta_container":"","neve_meta_enable_content_width":"off","neve_meta_content_width":0,"neve_meta_title_alignment":"","neve_meta_author_avatar":"","neve_post_elements_order":"","neve_meta_disable_header":"","neve_meta_disable_footer":"","neve_meta_disable_title":""},"product_brand":[],"product_cat":[1954],"product_tag":[2378],"class_list":{"0":"post-97002","1":"product","2":"type-product","3":"status-publish","4":"has-post-thumbnail","6":"product_cat-guache","7":"product_tag-utensilios-trabalhos-manuais","9":"first","10":"instock","11":"taxable","12":"shipping-taxable","13":"purchasable","14":"product-type-simple"},"_links":{"self":[{"href":"https:\/\/ifoffice.pt\/index.php?rest_route=\/wp\/v2\/product\/97002","targetHints":{"allow":["GET"]}}],"collection":[{"href":"https:\/\/ifoffice.pt\/index.php?rest_route=\/wp\/v2\/product"}],"about":[{"href":"https:\/\/ifoffice.pt\/index.php?rest_route=\/wp\/v2\/types\/product"}],"replies":[{"embeddable":true,"href":"https:\/\/ifoffice.pt\/index.php?rest_route=%2Fwp%2Fv2%2Fcomments&post=97002"}],"wp:featuredmedia":[{"embeddable":true,"href":"https:\/\/ifoffice.pt\/index.php?rest_route=\/wp\/v2\/media\/131544"}],"wp:attachment":[{"href":"https:\/\/ifoffice.pt\/index.php?rest_route=%2Fwp%2Fv2%2Fmedia&parent=97002"}],"wp:term":[{"taxonomy":"product_brand","embeddable":true,"href":"https:\/\/ifoffice.pt\/index.php?rest_route=%2Fwp%2Fv2%2Fproduct_brand&post=97002"},{"taxonomy":"product_cat","embeddable":true,"href":"https:\/\/ifoffice.pt\/index.php?rest_route=%2Fwp%2Fv2%2Fproduct_cat&post=97002"},{"taxonomy":"product_tag","embeddable":true,"href":"https:\/\/ifoffice.pt\/index.php?rest_route=%2Fwp%2Fv2%2Fproduct_tag&post=97002"}],"curies":[{"name":"wp","href":"https:\/\/api.w.org\/{rel}","templated":true}]}}