{"id":96798,"date":"2021-01-22T23:14:50","date_gmt":"2021-01-22T23:14:50","guid":{"rendered":"https:\/\/ifoffice.pt\/produto\/import-placeholder-for-27993\/"},"modified":"2026-02-23T13:31:38","modified_gmt":"2026-02-23T13:31:38","slug":"bloco-de-desenho-ingres-325x460mm-20-folhas-108-gr","status":"publish","type":"product","link":"https:\/\/ifoffice.pt\/?product=bloco-de-desenho-ingres-325x460mm-20-folhas-108-gr","title":{"rendered":"Bloco de desenho ingres 325x460mm 20 folhas 108 gr"},"content":{"rendered":"<p>20 folhas de 108 g\/m\u00b2. Papel verjurado, de cor branca natural com marcas  de \u00e1gua. Fabricado em forma redonda, colado em massa e em superf\u00edcie,  oferece excelente qualidade e resist\u00eancia. Aplica\u00e7\u00f5es: t\u00e9cnicas secas  (sanguina, carv\u00e3o, l\u00e1pis e pastel).<\/p>\n","protected":false},"excerpt":{"rendered":"<p>Bloco de desenho ingres 325x460mm 20 folhas 108 gr<\/p>\n","protected":false},"featured_media":131406,"comment_status":"closed","ping_status":"closed","template":"","meta":{"neve_meta_sidebar":"","neve_meta_container":"","neve_meta_enable_content_width":"off","neve_meta_content_width":0,"neve_meta_title_alignment":"","neve_meta_author_avatar":"","neve_post_elements_order":"","neve_meta_disable_header":"","neve_meta_disable_footer":"","neve_meta_disable_title":""},"product_brand":[],"product_cat":[1749],"product_tag":[2130],"class_list":{"0":"post-96798","1":"product","2":"type-product","3":"status-publish","4":"has-post-thumbnail","6":"product_cat-blocos-de-desenho","7":"product_tag-desenho-artistico","9":"first","10":"instock","11":"taxable","12":"shipping-taxable","13":"purchasable","14":"product-type-simple"},"_links":{"self":[{"href":"https:\/\/ifoffice.pt\/index.php?rest_route=\/wp\/v2\/product\/96798","targetHints":{"allow":["GET"]}}],"collection":[{"href":"https:\/\/ifoffice.pt\/index.php?rest_route=\/wp\/v2\/product"}],"about":[{"href":"https:\/\/ifoffice.pt\/index.php?rest_route=\/wp\/v2\/types\/product"}],"replies":[{"embeddable":true,"href":"https:\/\/ifoffice.pt\/index.php?rest_route=%2Fwp%2Fv2%2Fcomments&post=96798"}],"wp:featuredmedia":[{"embeddable":true,"href":"https:\/\/ifoffice.pt\/index.php?rest_route=\/wp\/v2\/media\/131406"}],"wp:attachment":[{"href":"https:\/\/ifoffice.pt\/index.php?rest_route=%2Fwp%2Fv2%2Fmedia&parent=96798"}],"wp:term":[{"taxonomy":"product_brand","embeddable":true,"href":"https:\/\/ifoffice.pt\/index.php?rest_route=%2Fwp%2Fv2%2Fproduct_brand&post=96798"},{"taxonomy":"product_cat","embeddable":true,"href":"https:\/\/ifoffice.pt\/index.php?rest_route=%2Fwp%2Fv2%2Fproduct_cat&post=96798"},{"taxonomy":"product_tag","embeddable":true,"href":"https:\/\/ifoffice.pt\/index.php?rest_route=%2Fwp%2Fv2%2Fproduct_tag&post=96798"}],"curies":[{"name":"wp","href":"https:\/\/api.w.org\/{rel}","templated":true}]}}