{"id":96760,"date":"2021-01-22T23:14:27","date_gmt":"2021-01-22T23:14:27","guid":{"rendered":"https:\/\/ifoffice.pt\/produto\/import-placeholder-for-28038\/"},"modified":"2026-02-23T14:52:41","modified_gmt":"2026-02-23T14:52:41","slug":"furador-maped-punichito-1-furo-capacidade-para-10-folhas","status":"publish","type":"product","link":"https:\/\/ifoffice.pt\/?product=furador-maped-punichito-1-furo-capacidade-para-10-folhas","title":{"rendered":"Furador maped punichito 1 furo capacidade para 10 folhas"},"content":{"rendered":"<p>Furador de um furo, com guia que se posiciona nos an\u00e9is dos classificadores. Bot\u00e3o para mant\u00ea-lo fechado no estojo. Comprimento da base: 65 mm. Perfura at\u00e9 10 folhas. O furador.<\/p>\n","protected":false},"excerpt":{"rendered":"<p>PACK DE 18 UNIDADES<\/p>\n","protected":false},"featured_media":129961,"comment_status":"closed","ping_status":"closed","template":"","meta":{"neve_meta_sidebar":"","neve_meta_container":"","neve_meta_enable_content_width":"off","neve_meta_content_width":0,"neve_meta_title_alignment":"","neve_meta_author_avatar":"","neve_post_elements_order":"","neve_meta_disable_header":"","neve_meta_disable_footer":"","neve_meta_disable_title":""},"product_brand":[],"product_cat":[1810],"product_tag":[2847],"class_list":{"0":"post-96760","1":"product","2":"type-product","3":"status-publish","4":"has-post-thumbnail","6":"product_cat-furadores-de-secretaria","7":"product_tag-furadores-de-secretaria-2","9":"first","10":"instock","11":"taxable","12":"shipping-taxable","13":"purchasable","14":"product-type-simple"},"_links":{"self":[{"href":"https:\/\/ifoffice.pt\/index.php?rest_route=\/wp\/v2\/product\/96760","targetHints":{"allow":["GET"]}}],"collection":[{"href":"https:\/\/ifoffice.pt\/index.php?rest_route=\/wp\/v2\/product"}],"about":[{"href":"https:\/\/ifoffice.pt\/index.php?rest_route=\/wp\/v2\/types\/product"}],"replies":[{"embeddable":true,"href":"https:\/\/ifoffice.pt\/index.php?rest_route=%2Fwp%2Fv2%2Fcomments&post=96760"}],"wp:featuredmedia":[{"embeddable":true,"href":"https:\/\/ifoffice.pt\/index.php?rest_route=\/wp\/v2\/media\/129961"}],"wp:attachment":[{"href":"https:\/\/ifoffice.pt\/index.php?rest_route=%2Fwp%2Fv2%2Fmedia&parent=96760"}],"wp:term":[{"taxonomy":"product_brand","embeddable":true,"href":"https:\/\/ifoffice.pt\/index.php?rest_route=%2Fwp%2Fv2%2Fproduct_brand&post=96760"},{"taxonomy":"product_cat","embeddable":true,"href":"https:\/\/ifoffice.pt\/index.php?rest_route=%2Fwp%2Fv2%2Fproduct_cat&post=96760"},{"taxonomy":"product_tag","embeddable":true,"href":"https:\/\/ifoffice.pt\/index.php?rest_route=%2Fwp%2Fv2%2Fproduct_tag&post=96760"}],"curies":[{"name":"wp","href":"https:\/\/api.w.org\/{rel}","templated":true}]}}