{"id":96707,"date":"2021-01-22T23:14:01","date_gmt":"2021-01-22T23:14:01","guid":{"rendered":"https:\/\/ifoffice.pt\/produto\/import-placeholder-for-28189\/"},"modified":"2026-02-23T13:31:30","modified_gmt":"2026-02-23T13:31:30","slug":"lapiseira-staedtler-de-0-5-mm-unidade","status":"publish","type":"product","link":"https:\/\/ifoffice.pt\/?product=lapiseira-staedtler-de-0-5-mm-unidade","title":{"rendered":"Lapiseira staedtler de 0.5 mm unidade"},"content":{"rendered":"<p>Codifica\u00e7\u00e3o de cor segundo norma ISO. Apoio de dedos de borracha. Clip e mecanismo retr\u00e1til met\u00e1licos. Com borracha na extremidade. Aparo met\u00e1lico cil\u00edndrico retr\u00e1til. Mina amortecedora com um alto n\u00edvel de resist\u00eancia \u00e0 quebra.<\/p>\n","protected":false},"excerpt":{"rendered":"<p>Lapiseira staedtler de 0.5 mm unidade<\/p>\n","protected":false},"featured_media":129754,"comment_status":"closed","ping_status":"closed","template":"","meta":{"neve_meta_sidebar":"","neve_meta_container":"","neve_meta_enable_content_width":"off","neve_meta_content_width":0,"neve_meta_title_alignment":"","neve_meta_author_avatar":"","neve_post_elements_order":"","neve_meta_disable_header":"","neve_meta_disable_footer":"","neve_meta_disable_title":""},"product_brand":[],"product_cat":[1768],"product_tag":[1537],"class_list":{"0":"post-96707","1":"product","2":"type-product","3":"status-publish","4":"has-post-thumbnail","6":"product_cat-lapiseiras","7":"product_tag-economico","9":"first","10":"instock","11":"taxable","12":"shipping-taxable","13":"purchasable","14":"product-type-simple"},"_links":{"self":[{"href":"https:\/\/ifoffice.pt\/index.php?rest_route=\/wp\/v2\/product\/96707","targetHints":{"allow":["GET"]}}],"collection":[{"href":"https:\/\/ifoffice.pt\/index.php?rest_route=\/wp\/v2\/product"}],"about":[{"href":"https:\/\/ifoffice.pt\/index.php?rest_route=\/wp\/v2\/types\/product"}],"replies":[{"embeddable":true,"href":"https:\/\/ifoffice.pt\/index.php?rest_route=%2Fwp%2Fv2%2Fcomments&post=96707"}],"wp:featuredmedia":[{"embeddable":true,"href":"https:\/\/ifoffice.pt\/index.php?rest_route=\/wp\/v2\/media\/129754"}],"wp:attachment":[{"href":"https:\/\/ifoffice.pt\/index.php?rest_route=%2Fwp%2Fv2%2Fmedia&parent=96707"}],"wp:term":[{"taxonomy":"product_brand","embeddable":true,"href":"https:\/\/ifoffice.pt\/index.php?rest_route=%2Fwp%2Fv2%2Fproduct_brand&post=96707"},{"taxonomy":"product_cat","embeddable":true,"href":"https:\/\/ifoffice.pt\/index.php?rest_route=%2Fwp%2Fv2%2Fproduct_cat&post=96707"},{"taxonomy":"product_tag","embeddable":true,"href":"https:\/\/ifoffice.pt\/index.php?rest_route=%2Fwp%2Fv2%2Fproduct_tag&post=96707"}],"curies":[{"name":"wp","href":"https:\/\/api.w.org\/{rel}","templated":true}]}}