{"id":96431,"date":"2021-01-22T23:10:19","date_gmt":"2021-01-22T23:10:19","guid":{"rendered":"https:\/\/ifoffice.pt\/produto\/import-placeholder-for-28846\/"},"modified":"2026-02-23T13:31:02","modified_gmt":"2026-02-23T13:31:02","slug":"pasta-para-modelar-das-1000-gr-castanho","status":"publish","type":"product","link":"https:\/\/ifoffice.pt\/?product=pasta-para-modelar-das-1000-gr-castanho","title":{"rendered":"Pasta para modelar das 1000 gr castanho"},"content":{"rendered":"<p>Endurece sem cozer. A textura fina e homog\u00e9nea da pasta facilita a sua  aplica\u00e7\u00e3o. Aplica-se diretamente em diferentes tipos de material (madeira,  cart\u00e3o, terra, etc.). Decora-se com pinturas a \u00e1gua ou com verniz.<\/p>\n","protected":false},"excerpt":{"rendered":"<p>Pasta para modelar das 1000 gr castanho<\/p>\n","protected":false},"featured_media":131863,"comment_status":"closed","ping_status":"closed","template":"","meta":{"neve_meta_sidebar":"","neve_meta_container":"","neve_meta_enable_content_width":"off","neve_meta_content_width":0,"neve_meta_title_alignment":"","neve_meta_author_avatar":"","neve_post_elements_order":"","neve_meta_disable_header":"","neve_meta_disable_footer":"","neve_meta_disable_title":""},"product_brand":[],"product_cat":[2814],"product_tag":[919],"class_list":{"0":"post-96431","1":"product","2":"type-product","3":"status-publish","4":"has-post-thumbnail","6":"product_cat-plasticinas-argila-pasta-model","7":"product_tag-pasta-de-modelar","9":"first","10":"instock","11":"taxable","12":"shipping-taxable","13":"purchasable","14":"product-type-simple"},"_links":{"self":[{"href":"https:\/\/ifoffice.pt\/index.php?rest_route=\/wp\/v2\/product\/96431","targetHints":{"allow":["GET"]}}],"collection":[{"href":"https:\/\/ifoffice.pt\/index.php?rest_route=\/wp\/v2\/product"}],"about":[{"href":"https:\/\/ifoffice.pt\/index.php?rest_route=\/wp\/v2\/types\/product"}],"replies":[{"embeddable":true,"href":"https:\/\/ifoffice.pt\/index.php?rest_route=%2Fwp%2Fv2%2Fcomments&post=96431"}],"wp:featuredmedia":[{"embeddable":true,"href":"https:\/\/ifoffice.pt\/index.php?rest_route=\/wp\/v2\/media\/131863"}],"wp:attachment":[{"href":"https:\/\/ifoffice.pt\/index.php?rest_route=%2Fwp%2Fv2%2Fmedia&parent=96431"}],"wp:term":[{"taxonomy":"product_brand","embeddable":true,"href":"https:\/\/ifoffice.pt\/index.php?rest_route=%2Fwp%2Fv2%2Fproduct_brand&post=96431"},{"taxonomy":"product_cat","embeddable":true,"href":"https:\/\/ifoffice.pt\/index.php?rest_route=%2Fwp%2Fv2%2Fproduct_cat&post=96431"},{"taxonomy":"product_tag","embeddable":true,"href":"https:\/\/ifoffice.pt\/index.php?rest_route=%2Fwp%2Fv2%2Fproduct_tag&post=96431"}],"curies":[{"name":"wp","href":"https:\/\/api.w.org\/{rel}","templated":true}]}}