{"id":96306,"date":"2021-01-22T23:09:07","date_gmt":"2021-01-22T23:09:07","guid":{"rendered":"https:\/\/ifoffice.pt\/produto\/import-placeholder-for-29268\/"},"modified":"2025-03-12T12:00:03","modified_gmt":"2025-03-12T12:00:03","slug":"calculadora-citizen-de-secretaria-com-impressora-cx-32ii-12-digitos","status":"publish","type":"product","link":"https:\/\/ifoffice.pt\/?product=calculadora-citizen-de-secretaria-com-impressora-cx-32ii-12-digitos","title":{"rendered":"Calculadora Citizen de secret\u00e1ria com impressora cx-32ii"},"content":{"rendered":"<p>Calculadora de 12 d\u00edgitos. Utiliza rolo de papel de 58 mm de largura. Imprime com tinta vermelha e preta (rolo, c\u00f3digo 44292). Tecla de duplo zero. Tecla que permite fixar a posi\u00e7\u00e3o decimal. Tecla de sele\u00e7\u00e3o \/ anula\u00e7\u00e3o de impress\u00e3o. Tecla de avan\u00e7o do papel. Tecla c\u00e1lculo de impostos. Inclui adaptador. Medidas:\u00a0226\u00a0x\u00a0147\u00a0x 68 mm. Peso: 410 g.<\/p>\n","protected":false},"excerpt":{"rendered":"<p>Calculadora citizen de secretaria com impressora cx-32ii 12 digitos<\/p>\n","protected":false},"featured_media":96336,"comment_status":"closed","ping_status":"closed","template":"","meta":{"neve_meta_sidebar":"","neve_meta_container":"","neve_meta_enable_content_width":"off","neve_meta_content_width":0,"neve_meta_title_alignment":"","neve_meta_author_avatar":"","neve_post_elements_order":"","neve_meta_disable_header":"","neve_meta_disable_footer":"","neve_meta_disable_title":""},"product_brand":[],"product_cat":[1931],"product_tag":[835],"class_list":{"0":"post-96306","1":"product","2":"type-product","3":"status-publish","4":"has-post-thumbnail","6":"product_cat-calculadoras-impressoras","7":"product_tag-impressora","9":"first","10":"outofstock","11":"taxable","12":"shipping-taxable","13":"purchasable","14":"product-type-simple"},"_links":{"self":[{"href":"https:\/\/ifoffice.pt\/index.php?rest_route=\/wp\/v2\/product\/96306","targetHints":{"allow":["GET"]}}],"collection":[{"href":"https:\/\/ifoffice.pt\/index.php?rest_route=\/wp\/v2\/product"}],"about":[{"href":"https:\/\/ifoffice.pt\/index.php?rest_route=\/wp\/v2\/types\/product"}],"replies":[{"embeddable":true,"href":"https:\/\/ifoffice.pt\/index.php?rest_route=%2Fwp%2Fv2%2Fcomments&post=96306"}],"wp:featuredmedia":[{"embeddable":true,"href":"https:\/\/ifoffice.pt\/index.php?rest_route=\/wp\/v2\/media\/96336"}],"wp:attachment":[{"href":"https:\/\/ifoffice.pt\/index.php?rest_route=%2Fwp%2Fv2%2Fmedia&parent=96306"}],"wp:term":[{"taxonomy":"product_brand","embeddable":true,"href":"https:\/\/ifoffice.pt\/index.php?rest_route=%2Fwp%2Fv2%2Fproduct_brand&post=96306"},{"taxonomy":"product_cat","embeddable":true,"href":"https:\/\/ifoffice.pt\/index.php?rest_route=%2Fwp%2Fv2%2Fproduct_cat&post=96306"},{"taxonomy":"product_tag","embeddable":true,"href":"https:\/\/ifoffice.pt\/index.php?rest_route=%2Fwp%2Fv2%2Fproduct_tag&post=96306"}],"curies":[{"name":"wp","href":"https:\/\/api.w.org\/{rel}","templated":true}]}}