{"id":96244,"date":"2021-01-22T23:08:40","date_gmt":"2021-01-22T23:08:40","guid":{"rendered":"https:\/\/ifoffice.pt\/produto\/import-placeholder-for-29427\/"},"modified":"2025-03-12T11:59:53","modified_gmt":"2025-03-12T11:59:53","slug":"desenrolador-para-embalagens-3mx66-mt","status":"publish","type":"product","link":"https:\/\/ifoffice.pt\/?product=desenrolador-para-embalagens-3mx66-mt","title":{"rendered":"Desenrolador para embalagens 3mx66 mt"},"content":{"rendered":"<p>Desenrolador para fita de embalagem de 66 m x 50m, com cabo e trav\u00e3o. Redu\u00e7\u00e3o de ru\u00eddo. O\u00a0desenrolador.<\/p>\n","protected":false},"excerpt":{"rendered":"<p>Desenrolador para embalagens 3mx66 mt<\/p>\n","protected":false},"featured_media":124786,"comment_status":"closed","ping_status":"closed","template":"","meta":{"neve_meta_sidebar":"","neve_meta_container":"","neve_meta_enable_content_width":"","neve_meta_content_width":0,"neve_meta_title_alignment":"","neve_meta_author_avatar":"","neve_post_elements_order":"","neve_meta_disable_header":"","neve_meta_disable_footer":"","neve_meta_disable_title":""},"product_brand":[],"product_cat":[1869],"product_tag":[899],"class_list":{"0":"post-96244","1":"product","2":"type-product","3":"status-publish","4":"has-post-thumbnail","6":"product_cat-guilhotina-metalica","7":"product_tag-porta-rolos","9":"first","10":"outofstock","11":"taxable","12":"shipping-taxable","13":"purchasable","14":"product-type-simple"},"_links":{"self":[{"href":"https:\/\/ifoffice.pt\/index.php?rest_route=\/wp\/v2\/product\/96244","targetHints":{"allow":["GET"]}}],"collection":[{"href":"https:\/\/ifoffice.pt\/index.php?rest_route=\/wp\/v2\/product"}],"about":[{"href":"https:\/\/ifoffice.pt\/index.php?rest_route=\/wp\/v2\/types\/product"}],"replies":[{"embeddable":true,"href":"https:\/\/ifoffice.pt\/index.php?rest_route=%2Fwp%2Fv2%2Fcomments&post=96244"}],"wp:featuredmedia":[{"embeddable":true,"href":"https:\/\/ifoffice.pt\/index.php?rest_route=\/wp\/v2\/media\/124786"}],"wp:attachment":[{"href":"https:\/\/ifoffice.pt\/index.php?rest_route=%2Fwp%2Fv2%2Fmedia&parent=96244"}],"wp:term":[{"taxonomy":"product_brand","embeddable":true,"href":"https:\/\/ifoffice.pt\/index.php?rest_route=%2Fwp%2Fv2%2Fproduct_brand&post=96244"},{"taxonomy":"product_cat","embeddable":true,"href":"https:\/\/ifoffice.pt\/index.php?rest_route=%2Fwp%2Fv2%2Fproduct_cat&post=96244"},{"taxonomy":"product_tag","embeddable":true,"href":"https:\/\/ifoffice.pt\/index.php?rest_route=%2Fwp%2Fv2%2Fproduct_tag&post=96244"}],"curies":[{"name":"wp","href":"https:\/\/api.w.org\/{rel}","templated":true}]}}