{"id":96108,"date":"2021-01-22T23:07:26","date_gmt":"2021-01-22T23:07:26","guid":{"rendered":"https:\/\/ifoffice.pt\/produto\/import-placeholder-for-31196\/"},"modified":"2025-03-12T11:59:38","modified_gmt":"2025-03-12T11:59:38","slug":"pasta-de-elasticos-saro-com-abas-em-plastico-quarto-azul","status":"publish","type":"product","link":"https:\/\/ifoffice.pt\/?product=pasta-de-elasticos-saro-com-abas-em-plastico-quarto-azul","title":{"rendered":"Pasta de elasticos saro com abas em plastico quarto azul"},"content":{"rendered":"<p>Pasta fabricada em cart\u00e3o forrado em PVC unicor. 2 mm de espessura. Com tr\u00eas abas para a prote\u00e7\u00e3o dos documentos. Fecho de el\u00e1sticos. Lombada flex\u00edvel. Formato f\u00f3lio: 255 x 335 mm. Formato quarto: 190 x 245 mm.<\/p>\n","protected":false},"excerpt":{"rendered":"<p>Pasta de elasticos saro com abas em plastico quarto azul<\/p>\n","protected":false},"featured_media":124727,"comment_status":"closed","ping_status":"closed","template":"","meta":{"neve_meta_sidebar":"","neve_meta_container":"","neve_meta_enable_content_width":"off","neve_meta_content_width":0,"neve_meta_title_alignment":"","neve_meta_author_avatar":"","neve_post_elements_order":"","neve_meta_disable_header":"","neve_meta_disable_footer":"","neve_meta_disable_title":""},"product_brand":[],"product_cat":[1891],"product_tag":[1365],"class_list":{"0":"post-96108","1":"product","2":"type-product","3":"status-publish","4":"has-post-thumbnail","6":"product_cat-pasta-elasticos-polipropileno","7":"product_tag-abas","9":"first","10":"outofstock","11":"taxable","12":"shipping-taxable","13":"purchasable","14":"product-type-simple"},"_links":{"self":[{"href":"https:\/\/ifoffice.pt\/index.php?rest_route=\/wp\/v2\/product\/96108","targetHints":{"allow":["GET"]}}],"collection":[{"href":"https:\/\/ifoffice.pt\/index.php?rest_route=\/wp\/v2\/product"}],"about":[{"href":"https:\/\/ifoffice.pt\/index.php?rest_route=\/wp\/v2\/types\/product"}],"replies":[{"embeddable":true,"href":"https:\/\/ifoffice.pt\/index.php?rest_route=%2Fwp%2Fv2%2Fcomments&post=96108"}],"wp:featuredmedia":[{"embeddable":true,"href":"https:\/\/ifoffice.pt\/index.php?rest_route=\/wp\/v2\/media\/124727"}],"wp:attachment":[{"href":"https:\/\/ifoffice.pt\/index.php?rest_route=%2Fwp%2Fv2%2Fmedia&parent=96108"}],"wp:term":[{"taxonomy":"product_brand","embeddable":true,"href":"https:\/\/ifoffice.pt\/index.php?rest_route=%2Fwp%2Fv2%2Fproduct_brand&post=96108"},{"taxonomy":"product_cat","embeddable":true,"href":"https:\/\/ifoffice.pt\/index.php?rest_route=%2Fwp%2Fv2%2Fproduct_cat&post=96108"},{"taxonomy":"product_tag","embeddable":true,"href":"https:\/\/ifoffice.pt\/index.php?rest_route=%2Fwp%2Fv2%2Fproduct_tag&post=96108"}],"curies":[{"name":"wp","href":"https:\/\/api.w.org\/{rel}","templated":true}]}}