{"id":96061,"date":"2021-01-22T23:07:02","date_gmt":"2021-01-22T23:07:02","guid":{"rendered":"https:\/\/ifoffice.pt\/produto\/import-placeholder-for-31322\/"},"modified":"2026-02-23T13:30:32","modified_gmt":"2026-02-23T13:30:32","slug":"pasta-canguru-liderpapel-din-a4-2-aneis-de-25-mm","status":"publish","type":"product","link":"https:\/\/ifoffice.pt\/?product=pasta-canguru-liderpapel-din-a4-2-aneis-de-25-mm","title":{"rendered":"Pasta canguru liderpapel din a4 2 aneis de 25 mm"},"content":{"rendered":"<p>Pasta de an\u00e9is forrada em pl\u00e1stico branco, com bolsa transparente fixa no seu interior. Com bolsa na capa, contracapa e na lombada o que permite a sua personaliza\u00e7\u00e3o e identifica\u00e7\u00e3o. An\u00e9is mistos. Formato A4. Medidas: 320 x 283 mm.<\/p>\n","protected":false},"excerpt":{"rendered":"<p>Pasta canguru liderpapel din a4 2 aneis de 25 mm<\/p>\n","protected":false},"featured_media":130342,"comment_status":"closed","ping_status":"closed","template":"","meta":{"neve_meta_sidebar":"","neve_meta_container":"","neve_meta_enable_content_width":"","neve_meta_content_width":0,"neve_meta_title_alignment":"","neve_meta_author_avatar":"","neve_post_elements_order":"","neve_meta_disable_header":"","neve_meta_disable_footer":"","neve_meta_disable_title":""},"product_brand":[],"product_cat":[2825],"product_tag":[2169],"class_list":{"0":"post-96061","1":"product","2":"type-product","3":"status-publish","4":"has-post-thumbnail","6":"product_cat-pastas-de-aneis-em-plastico","7":"product_tag-pastas-canguru","9":"first","10":"instock","11":"taxable","12":"shipping-taxable","13":"purchasable","14":"product-type-simple"},"_links":{"self":[{"href":"https:\/\/ifoffice.pt\/index.php?rest_route=\/wp\/v2\/product\/96061","targetHints":{"allow":["GET"]}}],"collection":[{"href":"https:\/\/ifoffice.pt\/index.php?rest_route=\/wp\/v2\/product"}],"about":[{"href":"https:\/\/ifoffice.pt\/index.php?rest_route=\/wp\/v2\/types\/product"}],"replies":[{"embeddable":true,"href":"https:\/\/ifoffice.pt\/index.php?rest_route=%2Fwp%2Fv2%2Fcomments&post=96061"}],"wp:featuredmedia":[{"embeddable":true,"href":"https:\/\/ifoffice.pt\/index.php?rest_route=\/wp\/v2\/media\/130342"}],"wp:attachment":[{"href":"https:\/\/ifoffice.pt\/index.php?rest_route=%2Fwp%2Fv2%2Fmedia&parent=96061"}],"wp:term":[{"taxonomy":"product_brand","embeddable":true,"href":"https:\/\/ifoffice.pt\/index.php?rest_route=%2Fwp%2Fv2%2Fproduct_brand&post=96061"},{"taxonomy":"product_cat","embeddable":true,"href":"https:\/\/ifoffice.pt\/index.php?rest_route=%2Fwp%2Fv2%2Fproduct_cat&post=96061"},{"taxonomy":"product_tag","embeddable":true,"href":"https:\/\/ifoffice.pt\/index.php?rest_route=%2Fwp%2Fv2%2Fproduct_tag&post=96061"}],"curies":[{"name":"wp","href":"https:\/\/api.w.org\/{rel}","templated":true}]}}