{"id":95769,"date":"2021-01-22T23:04:32","date_gmt":"2021-01-22T23:04:32","guid":{"rendered":"https:\/\/ifoffice.pt\/produto\/import-placeholder-for-32060\/"},"modified":"2025-01-14T12:44:08","modified_gmt":"2025-01-14T12:44:08","slug":"pasta-de-arquivo-de-alavanca-liderpapel-documenta-pvc-din-a4-lombada-52-mm-preta","status":"publish","type":"product","link":"https:\/\/ifoffice.pt\/?product=pasta-de-arquivo-de-alavanca-liderpapel-documenta-pvc-din-a4-lombada-52-mm-preta","title":{"rendered":"Pasta de arquivo de alavanca liderpapel documenta pvc din a4 lombada 52 mm preta"},"content":{"rendered":"<p>Pasta de arquivo em cart\u00e3o colado. Forrada em PVC. Ferragem de alavanca e compressor niquelado. Calha e porta etiqueta na lombada. Com rado e \u00f3culo. Guarda impressa \u00e0 cor. 2 an\u00e9is. Com Rado e ferragem de alavanca.<\/p>\n","protected":false},"excerpt":{"rendered":"<p>Pasta de arquivo de alavanca liderpapel documenta pvc din a4 lombada 52 mm preta<\/p>\n","protected":false},"featured_media":124549,"comment_status":"closed","ping_status":"closed","template":"","meta":{"neve_meta_sidebar":"","neve_meta_container":"","neve_meta_enable_content_width":"off","neve_meta_content_width":70,"neve_meta_title_alignment":"","neve_meta_author_avatar":"","neve_post_elements_order":"","neve_meta_disable_header":"","neve_meta_disable_footer":"","neve_meta_disable_title":""},"product_brand":[],"product_cat":[1822],"product_tag":[1011],"class_list":{"0":"post-95769","1":"product","2":"type-product","3":"status-publish","4":"has-post-thumbnail","6":"product_cat-pastas-de-arquivo","7":"product_tag-pastas-de-arquivo-de-alavanca","9":"first","10":"instock","11":"sale","12":"taxable","13":"shipping-taxable","14":"purchasable","15":"product-type-variable","16":"has-default-attributes"},"_links":{"self":[{"href":"https:\/\/ifoffice.pt\/index.php?rest_route=\/wp\/v2\/product\/95769","targetHints":{"allow":["GET"]}}],"collection":[{"href":"https:\/\/ifoffice.pt\/index.php?rest_route=\/wp\/v2\/product"}],"about":[{"href":"https:\/\/ifoffice.pt\/index.php?rest_route=\/wp\/v2\/types\/product"}],"replies":[{"embeddable":true,"href":"https:\/\/ifoffice.pt\/index.php?rest_route=%2Fwp%2Fv2%2Fcomments&post=95769"}],"wp:featuredmedia":[{"embeddable":true,"href":"https:\/\/ifoffice.pt\/index.php?rest_route=\/wp\/v2\/media\/124549"}],"wp:attachment":[{"href":"https:\/\/ifoffice.pt\/index.php?rest_route=%2Fwp%2Fv2%2Fmedia&parent=95769"}],"wp:term":[{"taxonomy":"product_brand","embeddable":true,"href":"https:\/\/ifoffice.pt\/index.php?rest_route=%2Fwp%2Fv2%2Fproduct_brand&post=95769"},{"taxonomy":"product_cat","embeddable":true,"href":"https:\/\/ifoffice.pt\/index.php?rest_route=%2Fwp%2Fv2%2Fproduct_cat&post=95769"},{"taxonomy":"product_tag","embeddable":true,"href":"https:\/\/ifoffice.pt\/index.php?rest_route=%2Fwp%2Fv2%2Fproduct_tag&post=95769"}],"curies":[{"name":"wp","href":"https:\/\/api.w.org\/{rel}","templated":true}]}}

<p>Pasta de arquivo em cartão colado. Forrada em PVC. Ferragem de alavanca e compressor niquelado. Calha e porta etiqueta na lombada. Com rado e óculo. Guarda impressa à cor. 2 anéis. Com Rado e ferragem de alavanca.</p>
