{"id":95632,"date":"2021-01-22T23:03:18","date_gmt":"2021-01-22T23:03:18","guid":{"rendered":"https:\/\/ifoffice.pt\/produto\/import-placeholder-for-32701\/"},"modified":"2025-09-24T09:19:11","modified_gmt":"2025-09-24T09:19:11","slug":"bolsa-dossier-q-connect-fastener-em-plastico-din-a4-preto","status":"publish","type":"product","link":"https:\/\/ifoffice.pt\/?product=bolsa-dossier-q-connect-fastener-em-plastico-din-a4-preto","title":{"rendered":"Bolsa dossier q-connect fastener em plastico A4"},"content":{"rendered":"<p>A Pasta com Fixa\u00e7\u00e3o de Dossier Q-CONNECT DIN A4 \u00e9 a op\u00e7\u00e3o ideal para manter os seus documentos organizados e protegidos. Concebida com materiais de alta qualidade e caracter\u00edsticas funcionais, esta pasta \u00e9 perfeita tanto para ambientes de trabalho como acad\u00e9micos.<\/p>\n<ul>\n<li><strong>Tamanho:<\/strong>\u00a0DIN A4, adequado para documentos deste tamanho standard.<\/li>\n<li><strong>Cor:<\/strong>\u00a0Preto, oferecendo um aspeto profissional e discreto.<\/li>\n<li><strong>Material:<\/strong>\u00a0Fabricado em PVC, conferindo durabilidade e resist\u00eancia ao uso di\u00e1rio.<\/li>\n<li><strong>Fixador:<\/strong>\u00a0Inclui mecanismo de fixa\u00e7\u00e3o met\u00e1lico que mant\u00e9m os documentos fixos e organizados no interior da pasta.<\/li>\n<li><strong>Capa:<\/strong>\u00a0Transparente com tampa traseira opaca de 180 microns e uma capa de 110 microns que protege eficazmente os seus documentos.<\/li>\n<li><strong>Personaliza\u00e7\u00e3o:<\/strong>\u00a0Janela com tira de papel na lombada para f\u00e1cil personaliza\u00e7\u00e3o e etiquetagem.<\/li>\n<li><strong>Refer\u00eancia do Produto:<\/strong>\u00a0KF01453, \u00fatil para a identifica\u00e7\u00e3o do produto em cat\u00e1logos e sistemas de stock.<\/li>\n<\/ul>\n<p>Esta pasta da marca Q-CONNECT n\u00e3o s\u00f3 lhe oferece uma solu\u00e7\u00e3o eficiente para a organiza\u00e7\u00e3o de documentos, como tamb\u00e9m acrescenta um toque profissional \u00e0s suas apresenta\u00e7\u00f5es e reuni\u00f5es. A sua durabilidade e design funcional fazem dele uma ferramenta indispens\u00e1vel em escrit\u00f3rios, ambientes acad\u00e9micos e para uso pessoal.<\/p>\n","protected":false},"excerpt":{"rendered":"<p>A Pasta com Fixa\u00e7\u00e3o de Dossier Q-CONNECT DIN A4 \u00e9 a op\u00e7\u00e3o ideal para manter os seus documentos organizados e protegidos. Concebida com materiais de alta qualidade e caracter\u00edsticas funcionais, esta pasta \u00e9 perfeita tanto para ambientes de trabalho como acad\u00e9micos. Tamanho:\u00a0DIN A4, adequado para documentos deste tamanho standard. Cor:\u00a0Preto, oferecendo um aspeto profissional e discreto. Material:\u00a0Fabricado em PVC, conferindo durabilidade e resist\u00eancia ao uso di\u00e1rio. Fixador:\u00a0Inclui mecanismo de fixa\u00e7\u00e3o met\u00e1lico que mant\u00e9m os documentos fixos e organizados no interior da pasta. Capa:\u00a0Transparente com tampa traseira opaca de 180 microns e uma capa de 110 microns que protege eficazmente os seus documentos. Personaliza\u00e7\u00e3o:\u00a0Janela com tira de papel na lombada para f\u00e1cil personaliza\u00e7\u00e3o e etiquetagem. Refer\u00eancia do Produto:\u00a0KF01453, \u00fatil para a identifica\u00e7\u00e3o do produto em cat\u00e1logos e sistemas de stock. Esta pasta da marca Q-CONNECT n\u00e3o s\u00f3 lhe oferece uma solu\u00e7\u00e3o eficiente para a organiza\u00e7\u00e3o de documentos, como tamb\u00e9m acrescenta um toque profissional \u00e0s suas apresenta\u00e7\u00f5es e reuni\u00f5es. A sua durabilidade e design funcional fazem dele uma ferramenta indispens\u00e1vel em escrit\u00f3rios, ambientes acad\u00e9micos e para uso pessoal.<\/p>\n","protected":false},"featured_media":130014,"comment_status":"closed","ping_status":"closed","template":"","meta":{"neve_meta_sidebar":"","neve_meta_container":"","neve_meta_enable_content_width":"off","neve_meta_content_width":100,"neve_meta_title_alignment":"","neve_meta_author_avatar":"","neve_post_elements_order":"","neve_meta_disable_header":"","neve_meta_disable_footer":"","neve_meta_disable_title":""},"product_brand":[],"product_cat":[1894],"product_tag":[2394],"class_list":{"0":"post-95632","1":"product","2":"type-product","3":"status-publish","4":"has-post-thumbnail","6":"product_cat-dossier","7":"product_tag-fastener","9":"first","10":"instock","11":"sale","12":"taxable","13":"shipping-taxable","14":"purchasable","15":"product-type-variable","16":"has-default-attributes"},"_links":{"self":[{"href":"https:\/\/ifoffice.pt\/index.php?rest_route=\/wp\/v2\/product\/95632","targetHints":{"allow":["GET"]}}],"collection":[{"href":"https:\/\/ifoffice.pt\/index.php?rest_route=\/wp\/v2\/product"}],"about":[{"href":"https:\/\/ifoffice.pt\/index.php?rest_route=\/wp\/v2\/types\/product"}],"replies":[{"embeddable":true,"href":"https:\/\/ifoffice.pt\/index.php?rest_route=%2Fwp%2Fv2%2Fcomments&post=95632"}],"wp:featuredmedia":[{"embeddable":true,"href":"https:\/\/ifoffice.pt\/index.php?rest_route=\/wp\/v2\/media\/130014"}],"wp:attachment":[{"href":"https:\/\/ifoffice.pt\/index.php?rest_route=%2Fwp%2Fv2%2Fmedia&parent=95632"}],"wp:term":[{"taxonomy":"product_brand","embeddable":true,"href":"https:\/\/ifoffice.pt\/index.php?rest_route=%2Fwp%2Fv2%2Fproduct_brand&post=95632"},{"taxonomy":"product_cat","embeddable":true,"href":"https:\/\/ifoffice.pt\/index.php?rest_route=%2Fwp%2Fv2%2Fproduct_cat&post=95632"},{"taxonomy":"product_tag","embeddable":true,"href":"https:\/\/ifoffice.pt\/index.php?rest_route=%2Fwp%2Fv2%2Fproduct_tag&post=95632"}],"curies":[{"name":"wp","href":"https:\/\/api.w.org\/{rel}","templated":true}]}}