{"id":95620,"date":"2021-01-22T23:03:16","date_gmt":"2021-01-22T23:03:16","guid":{"rendered":"https:\/\/ifoffice.pt\/produto\/import-placeholder-for-32779\/"},"modified":"2025-03-12T11:58:31","modified_gmt":"2025-03-12T11:58:31","slug":"conjunto-de-5-acessorios-de-secretaria-em-pele","status":"publish","type":"product","link":"https:\/\/ifoffice.pt\/?product=conjunto-de-5-acessorios-de-secretaria-em-pele","title":{"rendered":"Conjunto de 5 acessorios de secretaria em pele"},"content":{"rendered":"<p>Conjunto de acess\u00f3rios de secret\u00e1ria. Fabricado em pele de primeira qualidade. Cont\u00e9m 5 pe\u00e7as: porta l\u00e1pis, porta envelopes, porta calend\u00e1rio, abre cartas e base de madeira. Medidas da base: 400 x 535 x 27 mm. O conjunto.<\/p>\n","protected":false},"excerpt":{"rendered":"<p>Conjunto de 5 acessorios de secretaria em pele<\/p>\n","protected":false},"featured_media":124482,"comment_status":"closed","ping_status":"closed","template":"","meta":{"neve_meta_sidebar":"","neve_meta_container":"","neve_meta_enable_content_width":"off","neve_meta_content_width":0,"neve_meta_title_alignment":"","neve_meta_author_avatar":"","neve_post_elements_order":"","neve_meta_disable_header":"","neve_meta_disable_footer":"","neve_meta_disable_title":""},"product_brand":[],"product_cat":[1912],"product_tag":[2495],"class_list":{"0":"post-95620","1":"product","2":"type-product","3":"status-publish","4":"has-post-thumbnail","6":"product_cat-conjuntos-de-secretaria","7":"product_tag-pele","9":"first","10":"outofstock","11":"taxable","12":"shipping-taxable","13":"purchasable","14":"product-type-simple"},"_links":{"self":[{"href":"https:\/\/ifoffice.pt\/index.php?rest_route=\/wp\/v2\/product\/95620","targetHints":{"allow":["GET"]}}],"collection":[{"href":"https:\/\/ifoffice.pt\/index.php?rest_route=\/wp\/v2\/product"}],"about":[{"href":"https:\/\/ifoffice.pt\/index.php?rest_route=\/wp\/v2\/types\/product"}],"replies":[{"embeddable":true,"href":"https:\/\/ifoffice.pt\/index.php?rest_route=%2Fwp%2Fv2%2Fcomments&post=95620"}],"wp:featuredmedia":[{"embeddable":true,"href":"https:\/\/ifoffice.pt\/index.php?rest_route=\/wp\/v2\/media\/124482"}],"wp:attachment":[{"href":"https:\/\/ifoffice.pt\/index.php?rest_route=%2Fwp%2Fv2%2Fmedia&parent=95620"}],"wp:term":[{"taxonomy":"product_brand","embeddable":true,"href":"https:\/\/ifoffice.pt\/index.php?rest_route=%2Fwp%2Fv2%2Fproduct_brand&post=95620"},{"taxonomy":"product_cat","embeddable":true,"href":"https:\/\/ifoffice.pt\/index.php?rest_route=%2Fwp%2Fv2%2Fproduct_cat&post=95620"},{"taxonomy":"product_tag","embeddable":true,"href":"https:\/\/ifoffice.pt\/index.php?rest_route=%2Fwp%2Fv2%2Fproduct_tag&post=95620"}],"curies":[{"name":"wp","href":"https:\/\/api.w.org\/{rel}","templated":true}]}}