{"id":95618,"date":"2021-01-22T23:03:16","date_gmt":"2021-01-22T23:03:16","guid":{"rendered":"https:\/\/ifoffice.pt\/produto\/import-placeholder-for-32786\/"},"modified":"2026-02-23T13:29:49","modified_gmt":"2026-02-23T13:29:49","slug":"mala-portfolio-em-pele-fecho-com-chave","status":"publish","type":"product","link":"https:\/\/ifoffice.pt\/?product=mala-portfolio-em-pele-fecho-com-chave","title":{"rendered":"Mala portfolio em pele fecho com chave"},"content":{"rendered":"<p>Fabricada em pele genu\u00edna de primeira qualidade. Fecho met\u00e1lico com chave, interior com tr\u00eas compartimentos para documentos, um deles com fecho \u00e9clair, departamento para cart\u00f5es de visita e suporte para esferogr\u00e1fica. Parte dianteira com bolsa com fecho \u00e9clair e dois bolsos com aba e fecho de \u00edman. Parte posterior com bolso com fecho \u00e9clair. Cor castanha com detalhes em prata. Medidas: 403 x 300 x 105 mm. A\u00a0pasta.<\/p>\n","protected":false},"excerpt":{"rendered":"<p>Mala portfolio em pele fecho com chave<\/p>\n","protected":false},"featured_media":124480,"comment_status":"closed","ping_status":"closed","template":"","meta":{"neve_meta_sidebar":"","neve_meta_container":"","neve_meta_enable_content_width":"off","neve_meta_content_width":0,"neve_meta_title_alignment":"","neve_meta_author_avatar":"","neve_post_elements_order":"","neve_meta_disable_header":"","neve_meta_disable_footer":"","neve_meta_disable_title":""},"product_brand":[],"product_cat":[2225],"product_tag":[2452],"class_list":{"0":"post-95618","1":"product","2":"type-product","3":"status-publish","4":"has-post-thumbnail","6":"product_cat-pastas-porta-folio-em-pele","7":"product_tag-carteira","9":"first","10":"instock","11":"taxable","12":"shipping-taxable","13":"purchasable","14":"product-type-simple"},"_links":{"self":[{"href":"https:\/\/ifoffice.pt\/index.php?rest_route=\/wp\/v2\/product\/95618","targetHints":{"allow":["GET"]}}],"collection":[{"href":"https:\/\/ifoffice.pt\/index.php?rest_route=\/wp\/v2\/product"}],"about":[{"href":"https:\/\/ifoffice.pt\/index.php?rest_route=\/wp\/v2\/types\/product"}],"replies":[{"embeddable":true,"href":"https:\/\/ifoffice.pt\/index.php?rest_route=%2Fwp%2Fv2%2Fcomments&post=95618"}],"wp:featuredmedia":[{"embeddable":true,"href":"https:\/\/ifoffice.pt\/index.php?rest_route=\/wp\/v2\/media\/124480"}],"wp:attachment":[{"href":"https:\/\/ifoffice.pt\/index.php?rest_route=%2Fwp%2Fv2%2Fmedia&parent=95618"}],"wp:term":[{"taxonomy":"product_brand","embeddable":true,"href":"https:\/\/ifoffice.pt\/index.php?rest_route=%2Fwp%2Fv2%2Fproduct_brand&post=95618"},{"taxonomy":"product_cat","embeddable":true,"href":"https:\/\/ifoffice.pt\/index.php?rest_route=%2Fwp%2Fv2%2Fproduct_cat&post=95618"},{"taxonomy":"product_tag","embeddable":true,"href":"https:\/\/ifoffice.pt\/index.php?rest_route=%2Fwp%2Fv2%2Fproduct_tag&post=95618"}],"curies":[{"name":"wp","href":"https:\/\/api.w.org\/{rel}","templated":true}]}}