{"id":95270,"date":"2021-01-22T23:00:06","date_gmt":"2021-01-22T23:00:06","guid":{"rendered":"https:\/\/ifoffice.pt\/produto\/import-placeholder-for-35016\/"},"modified":"2025-03-12T11:57:45","modified_gmt":"2025-03-12T11:57:45","slug":"atril-rocada-de-solo-para-conferencias-rd-3070-f","status":"publish","type":"product","link":"https:\/\/ifoffice.pt\/?product=atril-rocada-de-solo-para-conferencias-rd-3070-f","title":{"rendered":"Atril rocada de solo para conferencias rd-3070 f"},"content":{"rendered":"<p>Atril para confer\u00e0\u00aancias composto de estrutura cromada e curvada com embelezador de metacrilato. Inclui duas prateleiras de vidro temperado, regul\u00e1veis em altura mediante moveis, e rodas com trav\u00e0o. Preparado para microfone. F\u00e1cil montagem. Medidas: 105-145 x 62 x 17,5 cm. O atril.<\/p>\n","protected":false},"excerpt":{"rendered":"<p>Atril rocada de solo para conferencias rd-3070 f<\/p>\n","protected":false},"featured_media":95324,"comment_status":"closed","ping_status":"closed","template":"","meta":{"neve_meta_sidebar":"","neve_meta_container":"","neve_meta_enable_content_width":"","neve_meta_content_width":0,"neve_meta_title_alignment":"","neve_meta_author_avatar":"","neve_post_elements_order":"","neve_meta_disable_header":"","neve_meta_disable_footer":"","neve_meta_disable_title":""},"product_brand":[],"product_cat":[1798],"product_tag":[2477],"class_list":{"0":"post-95270","1":"product","2":"type-product","3":"status-publish","4":"has-post-thumbnail","6":"product_cat-portacatalogos-e-atriles-confe","7":"product_tag-atriles-de-conferencia","9":"first","10":"outofstock","11":"taxable","12":"shipping-taxable","13":"purchasable","14":"product-type-simple"},"_links":{"self":[{"href":"https:\/\/ifoffice.pt\/index.php?rest_route=\/wp\/v2\/product\/95270","targetHints":{"allow":["GET"]}}],"collection":[{"href":"https:\/\/ifoffice.pt\/index.php?rest_route=\/wp\/v2\/product"}],"about":[{"href":"https:\/\/ifoffice.pt\/index.php?rest_route=\/wp\/v2\/types\/product"}],"replies":[{"embeddable":true,"href":"https:\/\/ifoffice.pt\/index.php?rest_route=%2Fwp%2Fv2%2Fcomments&post=95270"}],"wp:featuredmedia":[{"embeddable":true,"href":"https:\/\/ifoffice.pt\/index.php?rest_route=\/wp\/v2\/media\/95324"}],"wp:attachment":[{"href":"https:\/\/ifoffice.pt\/index.php?rest_route=%2Fwp%2Fv2%2Fmedia&parent=95270"}],"wp:term":[{"taxonomy":"product_brand","embeddable":true,"href":"https:\/\/ifoffice.pt\/index.php?rest_route=%2Fwp%2Fv2%2Fproduct_brand&post=95270"},{"taxonomy":"product_cat","embeddable":true,"href":"https:\/\/ifoffice.pt\/index.php?rest_route=%2Fwp%2Fv2%2Fproduct_cat&post=95270"},{"taxonomy":"product_tag","embeddable":true,"href":"https:\/\/ifoffice.pt\/index.php?rest_route=%2Fwp%2Fv2%2Fproduct_tag&post=95270"}],"curies":[{"name":"wp","href":"https:\/\/api.w.org\/{rel}","templated":true}]}}