{"id":95152,"date":"2021-01-22T22:59:10","date_gmt":"2021-01-22T22:59:10","guid":{"rendered":"https:\/\/ifoffice.pt\/produto\/import-placeholder-for-35535\/"},"modified":"2026-02-23T14:53:26","modified_gmt":"2026-02-23T14:53:26","slug":"tesoura-sensoft-da-maped-com-aneis-flexiveis-130-mm","status":"publish","type":"product","link":"https:\/\/ifoffice.pt\/?product=tesoura-sensoft-da-maped-com-aneis-flexiveis-130-mm","title":{"rendered":"Tesoura sensoft da maped, com aneis flexiveis, 130 mm"},"content":{"rendered":"<p>Tesouras de m\u00e1xima comodidade, com an\u00e9is flex\u00edveis, completamente adapt\u00e1vel. Tato agrad\u00e1vel, l\u00e2mina de a\u00e7o inoxid\u00e1vel e pontas redondas. Comprimento: 13 cm. A tesoura.<\/p>\n","protected":false},"excerpt":{"rendered":"<p>PACK DE 24 UNIDADES<\/p>\n","protected":false},"featured_media":124269,"comment_status":"closed","ping_status":"closed","template":"","meta":{"neve_meta_sidebar":"","neve_meta_container":"","neve_meta_enable_content_width":"off","neve_meta_content_width":0,"neve_meta_title_alignment":"","neve_meta_author_avatar":"","neve_post_elements_order":"","neve_meta_disable_header":"","neve_meta_disable_footer":"","neve_meta_disable_title":""},"product_brand":[],"product_cat":[1777],"product_tag":[843],"class_list":{"0":"post-95152","1":"product","2":"type-product","3":"status-publish","4":"has-post-thumbnail","6":"product_cat-tesouras","7":"product_tag-escolar","9":"first","10":"instock","11":"taxable","12":"shipping-taxable","13":"purchasable","14":"product-type-simple"},"_links":{"self":[{"href":"https:\/\/ifoffice.pt\/index.php?rest_route=\/wp\/v2\/product\/95152","targetHints":{"allow":["GET"]}}],"collection":[{"href":"https:\/\/ifoffice.pt\/index.php?rest_route=\/wp\/v2\/product"}],"about":[{"href":"https:\/\/ifoffice.pt\/index.php?rest_route=\/wp\/v2\/types\/product"}],"replies":[{"embeddable":true,"href":"https:\/\/ifoffice.pt\/index.php?rest_route=%2Fwp%2Fv2%2Fcomments&post=95152"}],"wp:featuredmedia":[{"embeddable":true,"href":"https:\/\/ifoffice.pt\/index.php?rest_route=\/wp\/v2\/media\/124269"}],"wp:attachment":[{"href":"https:\/\/ifoffice.pt\/index.php?rest_route=%2Fwp%2Fv2%2Fmedia&parent=95152"}],"wp:term":[{"taxonomy":"product_brand","embeddable":true,"href":"https:\/\/ifoffice.pt\/index.php?rest_route=%2Fwp%2Fv2%2Fproduct_brand&post=95152"},{"taxonomy":"product_cat","embeddable":true,"href":"https:\/\/ifoffice.pt\/index.php?rest_route=%2Fwp%2Fv2%2Fproduct_cat&post=95152"},{"taxonomy":"product_tag","embeddable":true,"href":"https:\/\/ifoffice.pt\/index.php?rest_route=%2Fwp%2Fv2%2Fproduct_tag&post=95152"}],"curies":[{"name":"wp","href":"https:\/\/api.w.org\/{rel}","templated":true}]}}