{"id":94822,"date":"2021-01-22T22:56:22","date_gmt":"2021-01-22T22:56:22","guid":{"rendered":"https:\/\/ifoffice.pt\/produto\/import-placeholder-for-36245\/"},"modified":"2025-03-12T11:56:39","modified_gmt":"2025-03-12T11:56:39","slug":"cavalete-de-aluminio-graduavel-plannig-sisplamo","status":"publish","type":"product","link":"https:\/\/ifoffice.pt\/?product=cavalete-de-aluminio-graduavel-plannig-sisplamo","title":{"rendered":"Cavalete de aluminio graduavel plannig sisplamo"},"content":{"rendered":"<p>Trip\u00e9 met\u00e1lico, dobr\u00e1vel pintado na cor cinza e ajust\u00e1vel em altura. Cont\u00e9m placa inferior de modo a permitir o apoio de quadros, posters, etc. Ideal para quadros de 40 x 60, 60 x 80, 80 x 100 e 100 x 120 cm. Medidas: 90 x 160 cm. O cavalete.<\/p>\n","protected":false},"excerpt":{"rendered":"<p>Cavalete de aluminio graduavel plannig sisplamo<\/p>\n","protected":false},"featured_media":94876,"comment_status":"closed","ping_status":"closed","template":"","meta":{"neve_meta_sidebar":"","neve_meta_container":"","neve_meta_enable_content_width":"","neve_meta_content_width":0,"neve_meta_title_alignment":"","neve_meta_author_avatar":"","neve_post_elements_order":"","neve_meta_disable_header":"","neve_meta_disable_footer":"","neve_meta_disable_title":""},"product_brand":[],"product_cat":[2486],"product_tag":[1506],"class_list":{"0":"post-94822","1":"product","2":"type-product","3":"status-publish","4":"has-post-thumbnail","6":"product_cat-paineis-de-sinalizacao","7":"product_tag-cavalete","9":"first","10":"outofstock","11":"taxable","12":"shipping-taxable","13":"purchasable","14":"product-type-simple"},"_links":{"self":[{"href":"https:\/\/ifoffice.pt\/index.php?rest_route=\/wp\/v2\/product\/94822","targetHints":{"allow":["GET"]}}],"collection":[{"href":"https:\/\/ifoffice.pt\/index.php?rest_route=\/wp\/v2\/product"}],"about":[{"href":"https:\/\/ifoffice.pt\/index.php?rest_route=\/wp\/v2\/types\/product"}],"replies":[{"embeddable":true,"href":"https:\/\/ifoffice.pt\/index.php?rest_route=%2Fwp%2Fv2%2Fcomments&post=94822"}],"wp:featuredmedia":[{"embeddable":true,"href":"https:\/\/ifoffice.pt\/index.php?rest_route=\/wp\/v2\/media\/94876"}],"wp:attachment":[{"href":"https:\/\/ifoffice.pt\/index.php?rest_route=%2Fwp%2Fv2%2Fmedia&parent=94822"}],"wp:term":[{"taxonomy":"product_brand","embeddable":true,"href":"https:\/\/ifoffice.pt\/index.php?rest_route=%2Fwp%2Fv2%2Fproduct_brand&post=94822"},{"taxonomy":"product_cat","embeddable":true,"href":"https:\/\/ifoffice.pt\/index.php?rest_route=%2Fwp%2Fv2%2Fproduct_cat&post=94822"},{"taxonomy":"product_tag","embeddable":true,"href":"https:\/\/ifoffice.pt\/index.php?rest_route=%2Fwp%2Fv2%2Fproduct_tag&post=94822"}],"curies":[{"name":"wp","href":"https:\/\/api.w.org\/{rel}","templated":true}]}}