{"id":94652,"date":"2021-01-22T22:55:06","date_gmt":"2021-01-22T22:55:06","guid":{"rendered":"https:\/\/ifoffice.pt\/produto\/import-placeholder-for-37322\/"},"modified":"2026-03-03T15:05:57","modified_gmt":"2026-03-03T15:05:57","slug":"caixa-para-pasta-de-arquivo-liderpapel-quarto-gaspeada-preta","status":"publish","type":"product","link":"https:\/\/ifoffice.pt\/?product=caixa-para-pasta-de-arquivo-liderpapel-quarto-gaspeada-preta","title":{"rendered":"Caixa para pasta de arquivo liderpapel quarto gaspeada preta"},"content":{"rendered":"<p>Pasta de arquivo de cart\u00e3o colado forrado interior e exterior. An\u00e9is de 75 mm, compressor, \u00f3culo e calha. Lombada larga. Ferragem niquelada. Sem \u00edndice, caixa opcional. Lombada de 80 mm. 2 an\u00e9is. Com ferragem de alavanca.<\/p>\n","protected":false},"excerpt":{"rendered":"<p>Caixa para pasta de arquivo liderpapel quarto gaspeada preta<\/p>\n","protected":false},"featured_media":132134,"comment_status":"closed","ping_status":"closed","template":"","meta":{"neve_meta_sidebar":"","neve_meta_container":"","neve_meta_enable_content_width":"off","neve_meta_content_width":100,"neve_meta_title_alignment":"","neve_meta_author_avatar":"","neve_post_elements_order":"","neve_meta_disable_header":"","neve_meta_disable_footer":"","neve_meta_disable_title":""},"product_brand":[],"product_cat":[1822],"product_tag":[1008],"class_list":{"0":"post-94652","1":"product","2":"type-product","3":"status-publish","4":"has-post-thumbnail","6":"product_cat-pastas-de-arquivo","7":"product_tag-caixas-para-pastas-de-arquivo","9":"first","10":"instock","11":"taxable","12":"shipping-taxable","13":"purchasable","14":"product-type-simple"},"_links":{"self":[{"href":"https:\/\/ifoffice.pt\/index.php?rest_route=\/wp\/v2\/product\/94652","targetHints":{"allow":["GET"]}}],"collection":[{"href":"https:\/\/ifoffice.pt\/index.php?rest_route=\/wp\/v2\/product"}],"about":[{"href":"https:\/\/ifoffice.pt\/index.php?rest_route=\/wp\/v2\/types\/product"}],"replies":[{"embeddable":true,"href":"https:\/\/ifoffice.pt\/index.php?rest_route=%2Fwp%2Fv2%2Fcomments&post=94652"}],"wp:featuredmedia":[{"embeddable":true,"href":"https:\/\/ifoffice.pt\/index.php?rest_route=\/wp\/v2\/media\/132134"}],"wp:attachment":[{"href":"https:\/\/ifoffice.pt\/index.php?rest_route=%2Fwp%2Fv2%2Fmedia&parent=94652"}],"wp:term":[{"taxonomy":"product_brand","embeddable":true,"href":"https:\/\/ifoffice.pt\/index.php?rest_route=%2Fwp%2Fv2%2Fproduct_brand&post=94652"},{"taxonomy":"product_cat","embeddable":true,"href":"https:\/\/ifoffice.pt\/index.php?rest_route=%2Fwp%2Fv2%2Fproduct_cat&post=94652"},{"taxonomy":"product_tag","embeddable":true,"href":"https:\/\/ifoffice.pt\/index.php?rest_route=%2Fwp%2Fv2%2Fproduct_tag&post=94652"}],"curies":[{"name":"wp","href":"https:\/\/api.w.org\/{rel}","templated":true}]}}