{"id":94349,"date":"2021-01-22T22:51:14","date_gmt":"2021-01-22T22:51:14","guid":{"rendered":"https:\/\/ifoffice.pt\/produto\/import-placeholder-for-37956\/"},"modified":"2026-02-23T13:28:05","modified_gmt":"2026-02-23T13:28:05","slug":"cadeira-rocada-de-desenhador-na-cor-preta","status":"publish","type":"product","link":"https:\/\/ifoffice.pt\/?product=cadeira-rocada-de-desenhador-na-cor-preta","title":{"rendered":"Cadeira rocada de desenhador na cor preta"},"content":{"rendered":"<p>Cadeira regul\u00e1vel em altura mediante pist\u00e3o de g\u00e1s. A base \u00e9 met\u00e1lica, com 5 p\u00e9s. Altura m\u00ednima: 595 mm. M\u00e1xima: 725 mm. O assento e encosto s\u00e3o revestidos de tecido anti-fogo de cor preta. Encosto regul\u00e1vel em altura. Peso: 10 kg.<\/p>\n","protected":false},"excerpt":{"rendered":"<p>Cadeira rocada de desenhador na cor preta<\/p>\n","protected":false},"featured_media":123913,"comment_status":"closed","ping_status":"closed","template":"","meta":{"neve_meta_sidebar":"","neve_meta_container":"","neve_meta_enable_content_width":"off","neve_meta_content_width":0,"neve_meta_title_alignment":"","neve_meta_author_avatar":"","neve_post_elements_order":"","neve_meta_disable_header":"","neve_meta_disable_footer":"","neve_meta_disable_title":""},"product_brand":[],"product_cat":[1817],"product_tag":[1234],"class_list":{"0":"post-94349","1":"product","2":"type-product","3":"status-publish","4":"has-post-thumbnail","6":"product_cat-cadeiras","7":"product_tag-taburete","9":"first","10":"outofstock","11":"taxable","12":"shipping-taxable","13":"purchasable","14":"product-type-simple"},"_links":{"self":[{"href":"https:\/\/ifoffice.pt\/index.php?rest_route=\/wp\/v2\/product\/94349","targetHints":{"allow":["GET"]}}],"collection":[{"href":"https:\/\/ifoffice.pt\/index.php?rest_route=\/wp\/v2\/product"}],"about":[{"href":"https:\/\/ifoffice.pt\/index.php?rest_route=\/wp\/v2\/types\/product"}],"replies":[{"embeddable":true,"href":"https:\/\/ifoffice.pt\/index.php?rest_route=%2Fwp%2Fv2%2Fcomments&post=94349"}],"wp:featuredmedia":[{"embeddable":true,"href":"https:\/\/ifoffice.pt\/index.php?rest_route=\/wp\/v2\/media\/123913"}],"wp:attachment":[{"href":"https:\/\/ifoffice.pt\/index.php?rest_route=%2Fwp%2Fv2%2Fmedia&parent=94349"}],"wp:term":[{"taxonomy":"product_brand","embeddable":true,"href":"https:\/\/ifoffice.pt\/index.php?rest_route=%2Fwp%2Fv2%2Fproduct_brand&post=94349"},{"taxonomy":"product_cat","embeddable":true,"href":"https:\/\/ifoffice.pt\/index.php?rest_route=%2Fwp%2Fv2%2Fproduct_cat&post=94349"},{"taxonomy":"product_tag","embeddable":true,"href":"https:\/\/ifoffice.pt\/index.php?rest_route=%2Fwp%2Fv2%2Fproduct_tag&post=94349"}],"curies":[{"name":"wp","href":"https:\/\/api.w.org\/{rel}","templated":true}]}}

<p>Cadeira regulável em altura mediante pistão de gás. A base é metálica, com 5 pés. Altura mínima: 595 mm. Máxima: 725 mm. O assento e encosto são revestidos de tecido anti-fogo de cor preta. Encosto regulável em altura. Peso: 10 kg.</p>
