{"id":94161,"date":"2021-01-22T22:49:38","date_gmt":"2021-01-22T22:49:38","guid":{"rendered":"https:\/\/ifoffice.pt\/produto\/import-placeholder-for-38279\/"},"modified":"2026-02-23T13:27:51","modified_gmt":"2026-02-23T13:27:51","slug":"quadro-tripe-q-connect-magnetico-com-rodas-103x70-cm","status":"publish","type":"product","link":"https:\/\/ifoffice.pt\/?product=quadro-tripe-q-connect-magnetico-com-rodas-103x70-cm","title":{"rendered":"Quadro branco q-connect com tripe magnetico 103&#215;70 cm com rodas"},"content":{"rendered":"<p>Quadro trip\u00e9 com rodas, magn\u00e9tico com moldura em alum\u00ednio preto. Superf\u00edcie lacada na cor branca, apto para escrita direta com marcadores de quadro. Tamb\u00e9m apto para bloco de papel gra\u00e7as \u00e0 sua mola superior. Com suporte inferior para marcadores e outros acess\u00f3rios. Altura regul\u00e1vel at\u00e9 195 cm . 5 rodas. Medidas do painel: 70 x 100 cm. Medidas: 70 x 103 x 210 cm. O quadro.<\/p>\n","protected":false},"excerpt":{"rendered":"<p>Quadro branco q-connect com tripe magnetico 103&#215;70 cm com rodas<\/p>\n","protected":false},"featured_media":123837,"comment_status":"closed","ping_status":"closed","template":"","meta":{"neve_meta_sidebar":"","neve_meta_container":"","neve_meta_enable_content_width":"","neve_meta_content_width":0,"neve_meta_title_alignment":"","neve_meta_author_avatar":"","neve_post_elements_order":"","neve_meta_disable_header":"","neve_meta_disable_footer":"","neve_meta_disable_title":""},"product_brand":[],"product_cat":[1863],"product_tag":[1219],"class_list":{"0":"post-94161","1":"product","2":"type-product","3":"status-publish","4":"has-post-thumbnail","6":"product_cat-quadros-brancos","7":"product_tag-branca","9":"first","10":"instock","11":"sale","12":"taxable","13":"shipping-taxable","14":"purchasable","15":"product-type-simple"},"_links":{"self":[{"href":"https:\/\/ifoffice.pt\/index.php?rest_route=\/wp\/v2\/product\/94161","targetHints":{"allow":["GET"]}}],"collection":[{"href":"https:\/\/ifoffice.pt\/index.php?rest_route=\/wp\/v2\/product"}],"about":[{"href":"https:\/\/ifoffice.pt\/index.php?rest_route=\/wp\/v2\/types\/product"}],"replies":[{"embeddable":true,"href":"https:\/\/ifoffice.pt\/index.php?rest_route=%2Fwp%2Fv2%2Fcomments&post=94161"}],"wp:featuredmedia":[{"embeddable":true,"href":"https:\/\/ifoffice.pt\/index.php?rest_route=\/wp\/v2\/media\/123837"}],"wp:attachment":[{"href":"https:\/\/ifoffice.pt\/index.php?rest_route=%2Fwp%2Fv2%2Fmedia&parent=94161"}],"wp:term":[{"taxonomy":"product_brand","embeddable":true,"href":"https:\/\/ifoffice.pt\/index.php?rest_route=%2Fwp%2Fv2%2Fproduct_brand&post=94161"},{"taxonomy":"product_cat","embeddable":true,"href":"https:\/\/ifoffice.pt\/index.php?rest_route=%2Fwp%2Fv2%2Fproduct_cat&post=94161"},{"taxonomy":"product_tag","embeddable":true,"href":"https:\/\/ifoffice.pt\/index.php?rest_route=%2Fwp%2Fv2%2Fproduct_tag&post=94161"}],"curies":[{"name":"wp","href":"https:\/\/api.w.org\/{rel}","templated":true}]}}