{"id":93876,"date":"2021-01-22T22:47:13","date_gmt":"2021-01-22T22:47:13","guid":{"rendered":"https:\/\/ifoffice.pt\/produto\/import-placeholder-for-39926\/"},"modified":"2026-02-23T13:27:32","modified_gmt":"2026-02-23T13:27:32","slug":"porta-cartoes-de-visita-em-rede-metalico-11x75x5-cm-prata","status":"publish","type":"product","link":"https:\/\/ifoffice.pt\/?product=porta-cartoes-de-visita-em-rede-metalico-11x75x5-cm-prata","title":{"rendered":"Porta cartoes de visita em rede metalico 11&#215;7,5&#215;5 cm prata"},"content":{"rendered":"<p>Muito \u00fatil para manter os cart\u00f5es de visita ordenados, com uma capacidade de 30-40 cart\u00f5es, dependendo da espessura dos mesmos. Tamb\u00e9m serve como expositor de cart\u00f5es. Medidas: 110 x 75 x 50 mm. O porta cart\u00f5es.<\/p>\n","protected":false},"excerpt":{"rendered":"<p>Porta cartoes de visita em rede metalico 11&#215;7,5&#215;5 cm prata<\/p>\n","protected":false},"featured_media":123727,"comment_status":"closed","ping_status":"closed","template":"","meta":{"neve_meta_sidebar":"","neve_meta_container":"","neve_meta_enable_content_width":"","neve_meta_content_width":0,"neve_meta_title_alignment":"","neve_meta_author_avatar":"","neve_post_elements_order":"","neve_meta_disable_header":"","neve_meta_disable_footer":"","neve_meta_disable_title":""},"product_brand":[],"product_cat":[1897],"product_tag":[2856],"class_list":{"0":"post-93876","1":"product","2":"type-product","3":"status-publish","4":"has-post-thumbnail","6":"product_cat-artigos-de-secretaria","7":"product_tag-artigos-de-secretaria","9":"first","10":"instock","11":"sale","12":"taxable","13":"shipping-taxable","14":"purchasable","15":"product-type-simple"},"_links":{"self":[{"href":"https:\/\/ifoffice.pt\/index.php?rest_route=\/wp\/v2\/product\/93876","targetHints":{"allow":["GET"]}}],"collection":[{"href":"https:\/\/ifoffice.pt\/index.php?rest_route=\/wp\/v2\/product"}],"about":[{"href":"https:\/\/ifoffice.pt\/index.php?rest_route=\/wp\/v2\/types\/product"}],"replies":[{"embeddable":true,"href":"https:\/\/ifoffice.pt\/index.php?rest_route=%2Fwp%2Fv2%2Fcomments&post=93876"}],"wp:featuredmedia":[{"embeddable":true,"href":"https:\/\/ifoffice.pt\/index.php?rest_route=\/wp\/v2\/media\/123727"}],"wp:attachment":[{"href":"https:\/\/ifoffice.pt\/index.php?rest_route=%2Fwp%2Fv2%2Fmedia&parent=93876"}],"wp:term":[{"taxonomy":"product_brand","embeddable":true,"href":"https:\/\/ifoffice.pt\/index.php?rest_route=%2Fwp%2Fv2%2Fproduct_brand&post=93876"},{"taxonomy":"product_cat","embeddable":true,"href":"https:\/\/ifoffice.pt\/index.php?rest_route=%2Fwp%2Fv2%2Fproduct_cat&post=93876"},{"taxonomy":"product_tag","embeddable":true,"href":"https:\/\/ifoffice.pt\/index.php?rest_route=%2Fwp%2Fv2%2Fproduct_tag&post=93876"}],"curies":[{"name":"wp","href":"https:\/\/api.w.org\/{rel}","templated":true}]}}