{"id":93237,"date":"2021-01-22T22:42:39","date_gmt":"2021-01-22T22:42:39","guid":{"rendered":"https:\/\/ifoffice.pt\/produto\/import-placeholder-for-43902\/"},"modified":"2026-02-23T13:26:35","modified_gmt":"2026-02-23T13:26:35","slug":"atril-fellowes-para-livros-medidas-290-x-245-mm","status":"publish","type":"product","link":"https:\/\/ifoffice.pt\/?product=atril-fellowes-para-livros-medidas-290-x-245-mm","title":{"rendered":"Atril fellowes para livros, medidas: 290 x 245 mm"},"content":{"rendered":"<p>Atril desenhado especificamente para livros, manuais de grande tamanho ou material de refer\u00eancia. Fabricado em pl\u00e1stico. Dois clips ajust\u00e1veis que seguram as p\u00e1ginas abertas no lugar desejado. Nove ajustes de altura. Com base antideslizante e desmont\u00e1vel. Capacidade para 400 folhas. Cor prata.  Medidas: 244,4 x 295 x 50,8 mm.<\/p>\n","protected":false},"excerpt":{"rendered":"<p>Atril fellowes para livros, medidas: 290 x 245 mm<\/p>\n","protected":false},"featured_media":123446,"comment_status":"closed","ping_status":"closed","template":"","meta":{"neve_meta_sidebar":"","neve_meta_container":"","neve_meta_enable_content_width":"","neve_meta_content_width":0,"neve_meta_title_alignment":"","neve_meta_author_avatar":"","neve_post_elements_order":"","neve_meta_disable_header":"","neve_meta_disable_footer":"","neve_meta_disable_title":""},"product_brand":[],"product_cat":[1808],"product_tag":[1084],"class_list":{"0":"post-93237","1":"product","2":"type-product","3":"status-publish","4":"has-post-thumbnail","6":"product_cat-ergonomia","7":"product_tag-atriles","9":"first","10":"instock","11":"taxable","12":"shipping-taxable","13":"purchasable","14":"product-type-simple"},"_links":{"self":[{"href":"https:\/\/ifoffice.pt\/index.php?rest_route=\/wp\/v2\/product\/93237","targetHints":{"allow":["GET"]}}],"collection":[{"href":"https:\/\/ifoffice.pt\/index.php?rest_route=\/wp\/v2\/product"}],"about":[{"href":"https:\/\/ifoffice.pt\/index.php?rest_route=\/wp\/v2\/types\/product"}],"replies":[{"embeddable":true,"href":"https:\/\/ifoffice.pt\/index.php?rest_route=%2Fwp%2Fv2%2Fcomments&post=93237"}],"wp:featuredmedia":[{"embeddable":true,"href":"https:\/\/ifoffice.pt\/index.php?rest_route=\/wp\/v2\/media\/123446"}],"wp:attachment":[{"href":"https:\/\/ifoffice.pt\/index.php?rest_route=%2Fwp%2Fv2%2Fmedia&parent=93237"}],"wp:term":[{"taxonomy":"product_brand","embeddable":true,"href":"https:\/\/ifoffice.pt\/index.php?rest_route=%2Fwp%2Fv2%2Fproduct_brand&post=93237"},{"taxonomy":"product_cat","embeddable":true,"href":"https:\/\/ifoffice.pt\/index.php?rest_route=%2Fwp%2Fv2%2Fproduct_cat&post=93237"},{"taxonomy":"product_tag","embeddable":true,"href":"https:\/\/ifoffice.pt\/index.php?rest_route=%2Fwp%2Fv2%2Fproduct_tag&post=93237"}],"curies":[{"name":"wp","href":"https:\/\/api.w.org\/{rel}","templated":true}]}}