{"id":93236,"date":"2021-01-22T22:42:39","date_gmt":"2021-01-22T22:42:39","guid":{"rendered":"https:\/\/ifoffice.pt\/produto\/import-placeholder-for-43905\/"},"modified":"2025-03-12T11:53:14","modified_gmt":"2025-03-12T11:53:14","slug":"braco-fellowes-para-ecras-tft-lcd-para-fixacao-em-mesas","status":"publish","type":"product","link":"https:\/\/ifoffice.pt\/?product=braco-fellowes-para-ecras-tft-lcd-para-fixacao-em-mesas","title":{"rendered":"Braco fellowes para ecras tft\/lcd para fixacao em mesas"},"content":{"rendered":"<p>Eleva o monitor LCD \u00e0\u00a0 altura ideal gra\u00e7as \u00e0\u00a0s suas 4 posi\u00e7\u00f5es de fixa\u00e7\u00e0o. Suporta ecr\u00e0s at\u00e9 9 kg ou 21&#8221;. Ajuste vertical (45\u00ba a -45\u00ba) com sistema de universal VESA. F\u00e1cil de colocar com sistema de fixa\u00e7\u00e0o de mola e v\u00e1lido para mesas at\u00e9 6,5 cm de espessura. Bra\u00e7o giratorio da esquerda e direita (360\u00ba) e com departamento para cabos inclu\u00e1do. Medidas: 609 x 120 x 308 mm.<\/p>\n","protected":false},"excerpt":{"rendered":"<p>Braco fellowes para ecras tft\/lcd para fixacao em mesas<\/p>\n","protected":false},"featured_media":93266,"comment_status":"closed","ping_status":"closed","template":"","meta":{"neve_meta_sidebar":"","neve_meta_container":"","neve_meta_enable_content_width":"","neve_meta_content_width":0,"neve_meta_title_alignment":"","neve_meta_author_avatar":"","neve_post_elements_order":"","neve_meta_disable_header":"","neve_meta_disable_footer":"","neve_meta_disable_title":""},"product_brand":[],"product_cat":[1808],"product_tag":[1181],"class_list":{"0":"post-93236","1":"product","2":"type-product","3":"status-publish","4":"has-post-thumbnail","6":"product_cat-ergonomia","7":"product_tag-bracos-e-suportes","9":"first","10":"outofstock","11":"taxable","12":"shipping-taxable","13":"purchasable","14":"product-type-simple"},"_links":{"self":[{"href":"https:\/\/ifoffice.pt\/index.php?rest_route=\/wp\/v2\/product\/93236","targetHints":{"allow":["GET"]}}],"collection":[{"href":"https:\/\/ifoffice.pt\/index.php?rest_route=\/wp\/v2\/product"}],"about":[{"href":"https:\/\/ifoffice.pt\/index.php?rest_route=\/wp\/v2\/types\/product"}],"replies":[{"embeddable":true,"href":"https:\/\/ifoffice.pt\/index.php?rest_route=%2Fwp%2Fv2%2Fcomments&post=93236"}],"wp:featuredmedia":[{"embeddable":true,"href":"https:\/\/ifoffice.pt\/index.php?rest_route=\/wp\/v2\/media\/93266"}],"wp:attachment":[{"href":"https:\/\/ifoffice.pt\/index.php?rest_route=%2Fwp%2Fv2%2Fmedia&parent=93236"}],"wp:term":[{"taxonomy":"product_brand","embeddable":true,"href":"https:\/\/ifoffice.pt\/index.php?rest_route=%2Fwp%2Fv2%2Fproduct_brand&post=93236"},{"taxonomy":"product_cat","embeddable":true,"href":"https:\/\/ifoffice.pt\/index.php?rest_route=%2Fwp%2Fv2%2Fproduct_cat&post=93236"},{"taxonomy":"product_tag","embeddable":true,"href":"https:\/\/ifoffice.pt\/index.php?rest_route=%2Fwp%2Fv2%2Fproduct_tag&post=93236"}],"curies":[{"name":"wp","href":"https:\/\/api.w.org\/{rel}","templated":true}]}}