{"id":93059,"date":"2021-01-22T22:41:25","date_gmt":"2021-01-22T22:41:25","guid":{"rendered":"https:\/\/ifoffice.pt\/produto\/import-placeholder-for-44466\/"},"modified":"2026-02-23T13:26:25","modified_gmt":"2026-02-23T13:26:25","slug":"fita-brother-tz-751-laminada-verde-preto-24mm-x-8m","status":"publish","type":"product","link":"https:\/\/ifoffice.pt\/produto\/fita-brother-tz-751-laminada-verde-preto-24mm-x-8m\/","title":{"rendered":"Fita brother tz-751 laminada verde-preto 24mm x 8m"},"content":{"rendered":"<p>As fitas laminadas TZ, exclusivas da Brother, asseguram a maior durabilidade de impress\u00e3o dispon\u00edvel, e combinadas com a excepcional flexibilidade das nossas etiquetadoras permitem etiquetar qualquer superf\u00edcie independentemente do seu revestimento. Estas fitas TZ est\u00e3o preparadas para resistir a condi\u00e7\u00f5es extremas. Os testes realizados demonstram que estas fitas resistem a abrasivos, electricidade e a longas exposi\u00e7\u00f5es a agentes qu\u00edmicos, raios solares, \u00e1gua e temperaturas extremas.<\/p>\n","protected":false},"excerpt":{"rendered":"<p>Fita brother tz-751 laminada verde-preto 24mm x 8m<\/p>\n","protected":false},"featured_media":123358,"comment_status":"closed","ping_status":"closed","template":"","meta":{"neve_meta_sidebar":"","neve_meta_container":"","neve_meta_enable_content_width":"","neve_meta_content_width":0,"neve_meta_title_alignment":"","neve_meta_author_avatar":"","neve_post_elements_order":"","neve_meta_disable_header":"","neve_meta_disable_footer":"","neve_meta_disable_title":""},"product_brand":[],"product_cat":[1790],"product_tag":[1173],"class_list":{"0":"post-93059","1":"product","2":"type-product","3":"status-publish","4":"has-post-thumbnail","6":"product_cat-etiquetadoras-e-fitas","7":"product_tag-brother","9":"first","10":"instock","11":"taxable","12":"shipping-taxable","13":"purchasable","14":"product-type-simple"},"_links":{"self":[{"href":"https:\/\/ifoffice.pt\/wp-json\/wp\/v2\/product\/93059","targetHints":{"allow":["GET"]}}],"collection":[{"href":"https:\/\/ifoffice.pt\/wp-json\/wp\/v2\/product"}],"about":[{"href":"https:\/\/ifoffice.pt\/wp-json\/wp\/v2\/types\/product"}],"replies":[{"embeddable":true,"href":"https:\/\/ifoffice.pt\/wp-json\/wp\/v2\/comments?post=93059"}],"wp:featuredmedia":[{"embeddable":true,"href":"https:\/\/ifoffice.pt\/wp-json\/wp\/v2\/media\/123358"}],"wp:attachment":[{"href":"https:\/\/ifoffice.pt\/wp-json\/wp\/v2\/media?parent=93059"}],"wp:term":[{"taxonomy":"product_brand","embeddable":true,"href":"https:\/\/ifoffice.pt\/wp-json\/wp\/v2\/product_brand?post=93059"},{"taxonomy":"product_cat","embeddable":true,"href":"https:\/\/ifoffice.pt\/wp-json\/wp\/v2\/product_cat?post=93059"},{"taxonomy":"product_tag","embeddable":true,"href":"https:\/\/ifoffice.pt\/wp-json\/wp\/v2\/product_tag?post=93059"}],"curies":[{"name":"wp","href":"https:\/\/api.w.org\/{rel}","templated":true}]}}