{"id":92772,"date":"2021-01-22T22:39:02","date_gmt":"2021-01-22T22:39:02","guid":{"rendered":"https:\/\/ifoffice.pt\/produto\/import-placeholder-for-45246\/"},"modified":"2025-03-12T11:52:17","modified_gmt":"2025-03-12T11:52:17","slug":"marcador-fluorescente-pentel-sl25-violeta","status":"publish","type":"product","link":"https:\/\/ifoffice.pt\/?product=marcador-fluorescente-pentel-sl25-violeta","title":{"rendered":"Marcador fluorescente pentel sl25 violeta"},"content":{"rendered":"<p>Marcador fluorescente. Deposito com grande capacidade de tinta liquida. Tinta especial ideal para utilizar em impress\u00f5es t\u00e9rmicas e NCR. 350 metros de dist\u00e2ncia de escrita.<\/p>\n","protected":false},"excerpt":{"rendered":"<p>Marcador fluorescente pentel sl25 violeta<\/p>\n","protected":false},"featured_media":92801,"comment_status":"closed","ping_status":"closed","template":"","meta":{"neve_meta_sidebar":"","neve_meta_container":"","neve_meta_enable_content_width":"","neve_meta_content_width":0,"neve_meta_title_alignment":"","neve_meta_author_avatar":"","neve_post_elements_order":"","neve_meta_disable_header":"","neve_meta_disable_footer":"","neve_meta_disable_title":""},"product_brand":[],"product_cat":[1860],"product_tag":[1134],"class_list":{"0":"post-92772","1":"product","2":"type-product","3":"status-publish","4":"has-post-thumbnail","6":"product_cat-marcadores-lapis-fluorescente","7":"product_tag-fluorescente","9":"first","10":"outofstock","11":"taxable","12":"shipping-taxable","13":"purchasable","14":"product-type-simple"},"_links":{"self":[{"href":"https:\/\/ifoffice.pt\/index.php?rest_route=\/wp\/v2\/product\/92772","targetHints":{"allow":["GET"]}}],"collection":[{"href":"https:\/\/ifoffice.pt\/index.php?rest_route=\/wp\/v2\/product"}],"about":[{"href":"https:\/\/ifoffice.pt\/index.php?rest_route=\/wp\/v2\/types\/product"}],"replies":[{"embeddable":true,"href":"https:\/\/ifoffice.pt\/index.php?rest_route=%2Fwp%2Fv2%2Fcomments&post=92772"}],"wp:featuredmedia":[{"embeddable":true,"href":"https:\/\/ifoffice.pt\/index.php?rest_route=\/wp\/v2\/media\/92801"}],"wp:attachment":[{"href":"https:\/\/ifoffice.pt\/index.php?rest_route=%2Fwp%2Fv2%2Fmedia&parent=92772"}],"wp:term":[{"taxonomy":"product_brand","embeddable":true,"href":"https:\/\/ifoffice.pt\/index.php?rest_route=%2Fwp%2Fv2%2Fproduct_brand&post=92772"},{"taxonomy":"product_cat","embeddable":true,"href":"https:\/\/ifoffice.pt\/index.php?rest_route=%2Fwp%2Fv2%2Fproduct_cat&post=92772"},{"taxonomy":"product_tag","embeddable":true,"href":"https:\/\/ifoffice.pt\/index.php?rest_route=%2Fwp%2Fv2%2Fproduct_tag&post=92772"}],"curies":[{"name":"wp","href":"https:\/\/api.w.org\/{rel}","templated":true}]}}

<p>Marcador fluorescente. Deposito com grande capacidade de tinta liquida. Tinta especial ideal para utilizar em impressões térmicas e NCR. 350 metros de distância de escrita.</p>
