{"id":92008,"date":"2021-01-22T22:15:28","date_gmt":"2021-01-22T22:15:28","guid":{"rendered":"https:\/\/ifoffice.pt\/produto\/import-placeholder-for-48392\/"},"modified":"2025-03-12T11:50:56","modified_gmt":"2025-03-12T11:50:56","slug":"suporte-para-cd-q-connect-adesivos-bolsa-de-12-unidades","status":"publish","type":"product","link":"https:\/\/ifoffice.pt\/?product=suporte-para-cd-q-connect-adesivos-bolsa-de-12-unidades","title":{"rendered":"Suporte para cd q-connect adesivos bolsa de 12 unidades"},"content":{"rendered":"<p>Suporte adesivo para CD\u00b4s. Muito \u00fatil para arquivar informa\u00e7\u00f5es em suporte digital e ao mesmo tempo guardar a documenta\u00e7\u00e3o em papel. O suporte adesivo fixa-se f\u00e1cilmente a papel, pl\u00e1stico, cartolina, etc. e pode inserir depois o CD. Bolsa de 12 unidades (10+2 gr\u00e1tis). Di\u00e2metro: 30 mm.<\/p>\n","protected":false},"excerpt":{"rendered":"<p>Suporte para cd q-connect adesivos bolsa de 12 unidades<\/p>\n","protected":false},"featured_media":131275,"comment_status":"closed","ping_status":"closed","template":"","meta":{"neve_meta_sidebar":"","neve_meta_container":"","neve_meta_enable_content_width":"off","neve_meta_content_width":0,"neve_meta_title_alignment":"","neve_meta_author_avatar":"","neve_post_elements_order":"","neve_meta_disable_header":"","neve_meta_disable_footer":"","neve_meta_disable_title":""},"product_brand":[],"product_cat":[1865],"product_tag":[1181],"class_list":{"0":"post-92008","1":"product","2":"type-product","3":"status-publish","4":"has-post-thumbnail","6":"product_cat-arquivo-bolsas-malas","7":"product_tag-bracos-e-suportes","9":"first","10":"outofstock","11":"sale","12":"taxable","13":"shipping-taxable","14":"purchasable","15":"product-type-simple"},"_links":{"self":[{"href":"https:\/\/ifoffice.pt\/index.php?rest_route=\/wp\/v2\/product\/92008","targetHints":{"allow":["GET"]}}],"collection":[{"href":"https:\/\/ifoffice.pt\/index.php?rest_route=\/wp\/v2\/product"}],"about":[{"href":"https:\/\/ifoffice.pt\/index.php?rest_route=\/wp\/v2\/types\/product"}],"replies":[{"embeddable":true,"href":"https:\/\/ifoffice.pt\/index.php?rest_route=%2Fwp%2Fv2%2Fcomments&post=92008"}],"wp:featuredmedia":[{"embeddable":true,"href":"https:\/\/ifoffice.pt\/index.php?rest_route=\/wp\/v2\/media\/131275"}],"wp:attachment":[{"href":"https:\/\/ifoffice.pt\/index.php?rest_route=%2Fwp%2Fv2%2Fmedia&parent=92008"}],"wp:term":[{"taxonomy":"product_brand","embeddable":true,"href":"https:\/\/ifoffice.pt\/index.php?rest_route=%2Fwp%2Fv2%2Fproduct_brand&post=92008"},{"taxonomy":"product_cat","embeddable":true,"href":"https:\/\/ifoffice.pt\/index.php?rest_route=%2Fwp%2Fv2%2Fproduct_cat&post=92008"},{"taxonomy":"product_tag","embeddable":true,"href":"https:\/\/ifoffice.pt\/index.php?rest_route=%2Fwp%2Fv2%2Fproduct_tag&post=92008"}],"curies":[{"name":"wp","href":"https:\/\/api.w.org\/{rel}","templated":true}]}}