{"id":91801,"date":"2021-01-22T22:13:49","date_gmt":"2021-01-22T22:13:49","guid":{"rendered":"https:\/\/ifoffice.pt\/produto\/import-placeholder-for-48882\/"},"modified":"2026-02-23T13:25:02","modified_gmt":"2026-02-23T13:25:02","slug":"x-ato-q-connect-de-seguranca-retratil","status":"publish","type":"product","link":"https:\/\/ifoffice.pt\/?product=x-ato-q-connect-de-seguranca-retratil","title":{"rendered":"X-ato q-connect de seguranca lamina de aco 18 mm de largura comprimento 140 mm blister de 1 unidade"},"content":{"rendered":"<p>Fabricado em pl\u00e1stico e a\u00e7o. L\u00e2mina retr\u00e1til de seguran\u00e7a: a l\u00e2mina s\u00f3 sai para o exterior quando se pressiona no mecanismo preto e volta ao interior no momento em que se deixar de pressionar, para evitar que a l\u00e2mina permane\u00e7a no exterior quando n\u00e3o se est\u00e1 a usar. L\u00e2mina de a\u00e7o de 18 mm de largura. Cores sortidas: amarelo, azul e laranja. Indicado para o consumidor comum e para profissionais. Comprimento: 140 mm. Blister de 1 unidade.<\/p>\n","protected":false},"excerpt":{"rendered":"<p>X-ato q-connect de seguranca lamina de aco 18 mm de largura comprimento 140 mm blister de 1 unidade<\/p>\n","protected":false},"featured_media":122873,"comment_status":"closed","ping_status":"closed","template":"","meta":{"neve_meta_sidebar":"","neve_meta_container":"","neve_meta_enable_content_width":"off","neve_meta_content_width":100,"neve_meta_title_alignment":"","neve_meta_author_avatar":"","neve_post_elements_order":"","neve_meta_disable_header":"","neve_meta_disable_footer":"","neve_meta_disable_title":""},"product_brand":[],"product_cat":[2815],"product_tag":[946],"class_list":{"0":"post-91801","1":"product","2":"type-product","3":"status-publish","4":"has-post-thumbnail","6":"product_cat-x-actos","7":"product_tag-plastico","9":"first","10":"instock","11":"taxable","12":"shipping-taxable","13":"purchasable","14":"product-type-simple"},"_links":{"self":[{"href":"https:\/\/ifoffice.pt\/index.php?rest_route=\/wp\/v2\/product\/91801","targetHints":{"allow":["GET"]}}],"collection":[{"href":"https:\/\/ifoffice.pt\/index.php?rest_route=\/wp\/v2\/product"}],"about":[{"href":"https:\/\/ifoffice.pt\/index.php?rest_route=\/wp\/v2\/types\/product"}],"replies":[{"embeddable":true,"href":"https:\/\/ifoffice.pt\/index.php?rest_route=%2Fwp%2Fv2%2Fcomments&post=91801"}],"wp:featuredmedia":[{"embeddable":true,"href":"https:\/\/ifoffice.pt\/index.php?rest_route=\/wp\/v2\/media\/122873"}],"wp:attachment":[{"href":"https:\/\/ifoffice.pt\/index.php?rest_route=%2Fwp%2Fv2%2Fmedia&parent=91801"}],"wp:term":[{"taxonomy":"product_brand","embeddable":true,"href":"https:\/\/ifoffice.pt\/index.php?rest_route=%2Fwp%2Fv2%2Fproduct_brand&post=91801"},{"taxonomy":"product_cat","embeddable":true,"href":"https:\/\/ifoffice.pt\/index.php?rest_route=%2Fwp%2Fv2%2Fproduct_cat&post=91801"},{"taxonomy":"product_tag","embeddable":true,"href":"https:\/\/ifoffice.pt\/index.php?rest_route=%2Fwp%2Fv2%2Fproduct_tag&post=91801"}],"curies":[{"name":"wp","href":"https:\/\/api.w.org\/{rel}","templated":true}]}}