{"id":91677,"date":"2021-01-22T22:12:58","date_gmt":"2021-01-22T22:12:58","guid":{"rendered":"https:\/\/ifoffice.pt\/produto\/import-placeholder-for-49271\/"},"modified":"2025-03-12T11:50:08","modified_gmt":"2025-03-12T11:50:08","slug":"palhinhas-para-bebidas-flexiveis-fluorescentes-pack-50-unidades","status":"publish","type":"product","link":"https:\/\/ifoffice.pt\/?product=palhinhas-para-bebidas-flexiveis-fluorescentes-pack-50-unidades","title":{"rendered":"Palhinhas para bebidas flex\u00edveis fluorescentes pack 50 unidades"},"content":{"rendered":"<p>Palhinhas flex\u00edveis de 5,5 mm de di\u00e2metro e 230 mm de comprimento. Cores fluorescentes sortidas. Embalagem de 50 unidades.<\/p>\n","protected":false},"excerpt":{"rendered":"<p>Palhinhas para bebidas flexiveis fluorescentes pack 50 unidades<\/p>\n","protected":false},"featured_media":91707,"comment_status":"closed","ping_status":"closed","template":"","meta":{"neve_meta_sidebar":"","neve_meta_container":"","neve_meta_enable_content_width":"off","neve_meta_content_width":0,"neve_meta_title_alignment":"","neve_meta_author_avatar":"","neve_post_elements_order":"","neve_meta_disable_header":"","neve_meta_disable_footer":"","neve_meta_disable_title":""},"product_brand":[],"product_cat":[1929],"product_tag":[2647,1408],"class_list":{"0":"post-91677","1":"product","2":"type-product","3":"status-publish","4":"has-post-thumbnail","6":"product_cat-palitos-paus-de-madeira-p-gela","7":"product_tag-descartaveis","8":"product_tag-sorvete","10":"first","11":"outofstock","12":"taxable","13":"shipping-taxable","14":"purchasable","15":"product-type-simple"},"_links":{"self":[{"href":"https:\/\/ifoffice.pt\/index.php?rest_route=\/wp\/v2\/product\/91677","targetHints":{"allow":["GET"]}}],"collection":[{"href":"https:\/\/ifoffice.pt\/index.php?rest_route=\/wp\/v2\/product"}],"about":[{"href":"https:\/\/ifoffice.pt\/index.php?rest_route=\/wp\/v2\/types\/product"}],"replies":[{"embeddable":true,"href":"https:\/\/ifoffice.pt\/index.php?rest_route=%2Fwp%2Fv2%2Fcomments&post=91677"}],"wp:featuredmedia":[{"embeddable":true,"href":"https:\/\/ifoffice.pt\/index.php?rest_route=\/wp\/v2\/media\/91707"}],"wp:attachment":[{"href":"https:\/\/ifoffice.pt\/index.php?rest_route=%2Fwp%2Fv2%2Fmedia&parent=91677"}],"wp:term":[{"taxonomy":"product_brand","embeddable":true,"href":"https:\/\/ifoffice.pt\/index.php?rest_route=%2Fwp%2Fv2%2Fproduct_brand&post=91677"},{"taxonomy":"product_cat","embeddable":true,"href":"https:\/\/ifoffice.pt\/index.php?rest_route=%2Fwp%2Fv2%2Fproduct_cat&post=91677"},{"taxonomy":"product_tag","embeddable":true,"href":"https:\/\/ifoffice.pt\/index.php?rest_route=%2Fwp%2Fv2%2Fproduct_tag&post=91677"}],"curies":[{"name":"wp","href":"https:\/\/api.w.org\/{rel}","templated":true}]}}