{"id":90873,"date":"2021-01-22T22:06:50","date_gmt":"2021-01-22T22:06:50","guid":{"rendered":"https:\/\/ifoffice.pt\/produto\/import-placeholder-for-52889\/"},"modified":"2025-03-12T11:48:36","modified_gmt":"2025-03-12T11:48:36","slug":"etiquetadora-dymo-electronica-labelmanager-lm-500ts","status":"publish","type":"product","link":"https:\/\/ifoffice.pt\/?product=etiquetadora-dymo-electronica-labelmanager-lm-500ts","title":{"rendered":"Etiquetadora dymo electronica labelmanager lm-500ts"},"content":{"rendered":"<p>Ecr\u00e3 t\u00e1til para realizar etiquetas de uma forma muito simples. Edita, d\u00e1 formato e personaliza as etiquetas de uma forma muito f\u00e1cil. Conex\u00e3o ao PC ou Mac e utiliza o software da DYMO Label para personalizar as suas etiquetas. Amplo visor t\u00e1til, o primeiro no mercado. Permite criar, editar e dar forma \u00e0s etiquetas de uma forma f\u00e1cil e simples. Texto r\u00e1pido com o teclado tipo computador. Elimina a possibilidade de corte manual com o corte autom\u00e1tico. Personaliza as etiquetas com 10 formatos, 6 tamanhos e 7 estilos de texto. Imprime num sistema gr\u00e1fico de f\u00e1cil vizualiza\u00e7\u00e3o, c\u00f3digo de barras, logos e resolu\u00e7\u00e3o 300 dpi. Medidas: 165 x 190 x 95 mm. Peso: 800 g.<\/p>\n","protected":false},"excerpt":{"rendered":"<p>Etiquetadora dymo electronica labelmanager lm-500ts<\/p>\n","protected":false},"featured_media":122477,"comment_status":"closed","ping_status":"closed","template":"","meta":{"neve_meta_sidebar":"","neve_meta_container":"","neve_meta_enable_content_width":"off","neve_meta_content_width":0,"neve_meta_title_alignment":"","neve_meta_author_avatar":"","neve_post_elements_order":"","neve_meta_disable_header":"","neve_meta_disable_footer":"","neve_meta_disable_title":""},"product_brand":[],"product_cat":[1790],"product_tag":[974],"class_list":{"0":"post-90873","1":"product","2":"type-product","3":"status-publish","4":"has-post-thumbnail","6":"product_cat-etiquetadoras-e-fitas","7":"product_tag-etiquetadoras","9":"first","10":"outofstock","11":"taxable","12":"shipping-taxable","13":"purchasable","14":"product-type-simple"},"_links":{"self":[{"href":"https:\/\/ifoffice.pt\/index.php?rest_route=\/wp\/v2\/product\/90873","targetHints":{"allow":["GET"]}}],"collection":[{"href":"https:\/\/ifoffice.pt\/index.php?rest_route=\/wp\/v2\/product"}],"about":[{"href":"https:\/\/ifoffice.pt\/index.php?rest_route=\/wp\/v2\/types\/product"}],"replies":[{"embeddable":true,"href":"https:\/\/ifoffice.pt\/index.php?rest_route=%2Fwp%2Fv2%2Fcomments&post=90873"}],"wp:featuredmedia":[{"embeddable":true,"href":"https:\/\/ifoffice.pt\/index.php?rest_route=\/wp\/v2\/media\/122477"}],"wp:attachment":[{"href":"https:\/\/ifoffice.pt\/index.php?rest_route=%2Fwp%2Fv2%2Fmedia&parent=90873"}],"wp:term":[{"taxonomy":"product_brand","embeddable":true,"href":"https:\/\/ifoffice.pt\/index.php?rest_route=%2Fwp%2Fv2%2Fproduct_brand&post=90873"},{"taxonomy":"product_cat","embeddable":true,"href":"https:\/\/ifoffice.pt\/index.php?rest_route=%2Fwp%2Fv2%2Fproduct_cat&post=90873"},{"taxonomy":"product_tag","embeddable":true,"href":"https:\/\/ifoffice.pt\/index.php?rest_route=%2Fwp%2Fv2%2Fproduct_tag&post=90873"}],"curies":[{"name":"wp","href":"https:\/\/api.w.org\/{rel}","templated":true}]}}