{"id":90755,"date":"2021-01-22T22:05:59","date_gmt":"2021-01-22T22:05:59","guid":{"rendered":"https:\/\/ifoffice.pt\/produto\/import-placeholder-for-53881\/"},"modified":"2026-04-01T15:17:16","modified_gmt":"2026-04-01T15:17:16","slug":"pintura-para-contorno-preto-r-3-la-pajarita","status":"publish","type":"product","link":"https:\/\/ifoffice.pt\/?product=pintura-para-contorno-preto-r-3-la-pajarita","title":{"rendered":"Pintura para contorno preto r-3 la pajarita"},"content":{"rendered":"<p>Pintura a \u00e1gua para relevos e contornos de f\u00e1cil uso gra\u00e7as ao c\u00f3modo tubo, do qual se aplica diretamente. Ideal  para utilizar com a Laca Crystal La Pajarita, delimitando a zona a pintar e evitando assim que se estenda a pintura.  Apresenta-se em tr\u00eas cores diferentes: preto, ouro e prata. Para limpar os utens\u00edlios usar \u00e1gua. Tubos de 20 ml.<\/p>\n","protected":false},"excerpt":{"rendered":"<p>PACK DE 6 UNIDADES<\/p>\n","protected":false},"featured_media":122416,"comment_status":"closed","ping_status":"closed","template":"","meta":{"neve_meta_sidebar":"","neve_meta_container":"","neve_meta_enable_content_width":"off","neve_meta_content_width":0,"neve_meta_title_alignment":"","neve_meta_author_avatar":"","neve_post_elements_order":"","neve_meta_disable_header":"","neve_meta_disable_footer":"","neve_meta_disable_title":""},"product_brand":[],"product_cat":[1755],"product_tag":[1498],"class_list":{"0":"post-90755","1":"product","2":"type-product","3":"status-publish","4":"has-post-thumbnail","6":"product_cat-outros","7":"product_tag-outros-artigos-trabalho-manuai","9":"first","10":"instock","11":"taxable","12":"shipping-taxable","13":"purchasable","14":"product-type-simple"},"_links":{"self":[{"href":"https:\/\/ifoffice.pt\/index.php?rest_route=\/wp\/v2\/product\/90755","targetHints":{"allow":["GET"]}}],"collection":[{"href":"https:\/\/ifoffice.pt\/index.php?rest_route=\/wp\/v2\/product"}],"about":[{"href":"https:\/\/ifoffice.pt\/index.php?rest_route=\/wp\/v2\/types\/product"}],"replies":[{"embeddable":true,"href":"https:\/\/ifoffice.pt\/index.php?rest_route=%2Fwp%2Fv2%2Fcomments&post=90755"}],"wp:featuredmedia":[{"embeddable":true,"href":"https:\/\/ifoffice.pt\/index.php?rest_route=\/wp\/v2\/media\/122416"}],"wp:attachment":[{"href":"https:\/\/ifoffice.pt\/index.php?rest_route=%2Fwp%2Fv2%2Fmedia&parent=90755"}],"wp:term":[{"taxonomy":"product_brand","embeddable":true,"href":"https:\/\/ifoffice.pt\/index.php?rest_route=%2Fwp%2Fv2%2Fproduct_brand&post=90755"},{"taxonomy":"product_cat","embeddable":true,"href":"https:\/\/ifoffice.pt\/index.php?rest_route=%2Fwp%2Fv2%2Fproduct_cat&post=90755"},{"taxonomy":"product_tag","embeddable":true,"href":"https:\/\/ifoffice.pt\/index.php?rest_route=%2Fwp%2Fv2%2Fproduct_tag&post=90755"}],"curies":[{"name":"wp","href":"https:\/\/api.w.org\/{rel}","templated":true}]}}