{"id":90418,"date":"2021-01-22T22:01:50","date_gmt":"2021-01-22T22:01:50","guid":{"rendered":"https:\/\/ifoffice.pt\/produto\/import-placeholder-for-54674\/"},"modified":"2026-02-23T13:23:19","modified_gmt":"2026-02-23T13:23:19","slug":"fita-adesiva-scotch-845-book-tape-508mm-x-137-mt","status":"publish","type":"product","link":"https:\/\/ifoffice.pt\/?product=fita-adesiva-scotch-845-book-tape-508mm-x-137-mt","title":{"rendered":"Fita adesiva scotch 845 book tape 50,8mm x 13,7 mt"},"content":{"rendered":"<p>Adere permanentemente a qualquer material de encaderna\u00e7\u00e3o de livros, incluindo tela. Flex\u00edvel e de grande dura\u00e7\u00e3o. Medidas: 13,7 m x 50,8 mm. A fita.<\/p>\n","protected":false},"excerpt":{"rendered":"<p>Fita adesiva scotch 845 book tape 50,8mm x 13,7 mt<\/p>\n","protected":false},"featured_media":122315,"comment_status":"closed","ping_status":"closed","template":"","meta":{"neve_meta_sidebar":"","neve_meta_container":"","neve_meta_enable_content_width":"","neve_meta_content_width":0,"neve_meta_title_alignment":"","neve_meta_author_avatar":"","neve_post_elements_order":"","neve_meta_disable_header":"","neve_meta_disable_footer":"","neve_meta_disable_title":""},"product_brand":[],"product_cat":[1800],"product_tag":[],"class_list":{"0":"post-90418","1":"product","2":"type-product","3":"status-publish","4":"has-post-thumbnail","6":"product_cat-fitas-adesivas","8":"first","9":"instock","10":"taxable","11":"shipping-taxable","12":"purchasable","13":"product-type-simple"},"_links":{"self":[{"href":"https:\/\/ifoffice.pt\/index.php?rest_route=\/wp\/v2\/product\/90418","targetHints":{"allow":["GET"]}}],"collection":[{"href":"https:\/\/ifoffice.pt\/index.php?rest_route=\/wp\/v2\/product"}],"about":[{"href":"https:\/\/ifoffice.pt\/index.php?rest_route=\/wp\/v2\/types\/product"}],"replies":[{"embeddable":true,"href":"https:\/\/ifoffice.pt\/index.php?rest_route=%2Fwp%2Fv2%2Fcomments&post=90418"}],"wp:featuredmedia":[{"embeddable":true,"href":"https:\/\/ifoffice.pt\/index.php?rest_route=\/wp\/v2\/media\/122315"}],"wp:attachment":[{"href":"https:\/\/ifoffice.pt\/index.php?rest_route=%2Fwp%2Fv2%2Fmedia&parent=90418"}],"wp:term":[{"taxonomy":"product_brand","embeddable":true,"href":"https:\/\/ifoffice.pt\/index.php?rest_route=%2Fwp%2Fv2%2Fproduct_brand&post=90418"},{"taxonomy":"product_cat","embeddable":true,"href":"https:\/\/ifoffice.pt\/index.php?rest_route=%2Fwp%2Fv2%2Fproduct_cat&post=90418"},{"taxonomy":"product_tag","embeddable":true,"href":"https:\/\/ifoffice.pt\/index.php?rest_route=%2Fwp%2Fv2%2Fproduct_tag&post=90418"}],"curies":[{"name":"wp","href":"https:\/\/api.w.org\/{rel}","templated":true}]}}