{"id":90151,"date":"2021-01-22T21:59:43","date_gmt":"2021-01-22T21:59:43","guid":{"rendered":"https:\/\/ifoffice.pt\/produto\/import-placeholder-for-57036\/"},"modified":"2026-02-23T13:22:55","modified_gmt":"2026-02-23T13:22:55","slug":"etiquetadora-dymo-electronica-labelmanager-lm280p","status":"publish","type":"product","link":"https:\/\/ifoffice.pt\/?product=etiquetadora-dymo-electronica-labelmanager-lm280p","title":{"rendered":"Etiquetadora dymo electronica labelmanager lm280p"},"content":{"rendered":"<p>A m\u00e1quina de gravar port\u00e1til e recarreg\u00e1vel DYMO\u00ae LabelManager&#8217; 280, pode organizar tudo com facilidade. Ligar ao seu PC ou Mac\u00ae* para personalizar as suas etiquetas com fontes e gr\u00e1ficos do seu computador. Escreva o texto de forma r\u00e1pida, c\u00f3moda e simples no teclado de estilo inform\u00e1tico com disposi\u00e7\u00f5es espec\u00edficas para cada pa\u00eds. Edite o texto com rapidez com as teclas inteligentes de acesso r\u00e1pido. M\u00e1quina com bateria recarreg\u00e1vel, bateria de litio. Imprime em fitas de 6,9 e 12 mm. teclado Qwerty. Inclui software e conex\u00e3o a PC. 3 fontes. 2 linhas de impress\u00e3o. Corte de fita manual. Adaptador incluido. Medidas: 107,5 mm x 206 mm x 46,5 mm, Peso: 395 g<\/p>\n","protected":false},"excerpt":{"rendered":"<p>Etiquetadora dymo electronica labelmanager lm280p<\/p>\n","protected":false},"featured_media":122188,"comment_status":"closed","ping_status":"closed","template":"","meta":{"neve_meta_sidebar":"","neve_meta_container":"","neve_meta_enable_content_width":"","neve_meta_content_width":0,"neve_meta_title_alignment":"","neve_meta_author_avatar":"","neve_post_elements_order":"","neve_meta_disable_header":"","neve_meta_disable_footer":"","neve_meta_disable_title":""},"product_brand":[],"product_cat":[1790],"product_tag":[974],"class_list":{"0":"post-90151","1":"product","2":"type-product","3":"status-publish","4":"has-post-thumbnail","6":"product_cat-etiquetadoras-e-fitas","7":"product_tag-etiquetadoras","9":"first","10":"outofstock","11":"taxable","12":"shipping-taxable","13":"purchasable","14":"product-type-simple"},"_links":{"self":[{"href":"https:\/\/ifoffice.pt\/index.php?rest_route=\/wp\/v2\/product\/90151","targetHints":{"allow":["GET"]}}],"collection":[{"href":"https:\/\/ifoffice.pt\/index.php?rest_route=\/wp\/v2\/product"}],"about":[{"href":"https:\/\/ifoffice.pt\/index.php?rest_route=\/wp\/v2\/types\/product"}],"replies":[{"embeddable":true,"href":"https:\/\/ifoffice.pt\/index.php?rest_route=%2Fwp%2Fv2%2Fcomments&post=90151"}],"wp:featuredmedia":[{"embeddable":true,"href":"https:\/\/ifoffice.pt\/index.php?rest_route=\/wp\/v2\/media\/122188"}],"wp:attachment":[{"href":"https:\/\/ifoffice.pt\/index.php?rest_route=%2Fwp%2Fv2%2Fmedia&parent=90151"}],"wp:term":[{"taxonomy":"product_brand","embeddable":true,"href":"https:\/\/ifoffice.pt\/index.php?rest_route=%2Fwp%2Fv2%2Fproduct_brand&post=90151"},{"taxonomy":"product_cat","embeddable":true,"href":"https:\/\/ifoffice.pt\/index.php?rest_route=%2Fwp%2Fv2%2Fproduct_cat&post=90151"},{"taxonomy":"product_tag","embeddable":true,"href":"https:\/\/ifoffice.pt\/index.php?rest_route=%2Fwp%2Fv2%2Fproduct_tag&post=90151"}],"curies":[{"name":"wp","href":"https:\/\/api.w.org\/{rel}","templated":true}]}}

<p>A máquina de gravar portátil e recarregável DYMO® LabelManager&#8217; 280, pode organizar tudo com facilidade. Ligar ao seu PC ou Mac®* para personalizar as suas etiquetas com fontes e gráficos do seu computador. Escreva o texto de forma rápida, cómoda e simples no teclado de estilo informático com disposições específicas para cada país. Edite o texto com rapidez com as teclas inteligentes de acesso rápido. Máquina com bateria recarregável, bateria de litio. Imprime em fitas de 6,9 e 12 mm. teclado Qwerty. Inclui software e conexão a PC. 3 fontes. 2 linhas de impressão. Corte de fita manual. Adaptador incluido. Medidas: 107,5 mm x 206 mm x 46,5 mm, Peso: 395 g</p>
