{"id":90098,"date":"2021-01-22T21:59:20","date_gmt":"2021-01-22T21:59:20","guid":{"rendered":"https:\/\/ifoffice.pt\/produto\/import-placeholder-for-57149\/"},"modified":"2026-02-23T13:22:52","modified_gmt":"2026-02-23T13:22:52","slug":"limpa-vidros-5-l","status":"publish","type":"product","link":"https:\/\/ifoffice.pt\/?product=limpa-vidros-5-l","title":{"rendered":"Limpa vidros 5 l"},"content":{"rendered":"<p>Limpa vidros e abrilhantador de uso dom\u00e9stico com um alto poder  desengordurante formulado com bio alco\u00f3l. Atua e seca r\u00e1pidamente. Conta  com um not\u00e1vel efeito repelente da \u00e1gua e anti po. Pensado para uma  limpeza de superf\u00edcies duras n\u00e3o porosas, como por exemplo, cristais, f\u00f3rmica,  cer\u00e2mica, etc., tamb\u00e9m limpa e desengordura ecr\u00e3s. Embalagem de 5 L.<\/p>\n","protected":false},"excerpt":{"rendered":"<p>Limpa vidros 5 l<\/p>\n","protected":false},"featured_media":122170,"comment_status":"closed","ping_status":"closed","template":"","meta":{"neve_meta_sidebar":"","neve_meta_container":"","neve_meta_enable_content_width":"","neve_meta_content_width":0,"neve_meta_title_alignment":"","neve_meta_author_avatar":"","neve_post_elements_order":"","neve_meta_disable_header":"","neve_meta_disable_footer":"","neve_meta_disable_title":""},"product_brand":[],"product_cat":[1792],"product_tag":[2020],"class_list":{"0":"post-90098","1":"product","2":"type-product","3":"status-publish","4":"has-post-thumbnail","6":"product_cat-produtos-de-limpeza","7":"product_tag-limpa-vidros","9":"first","10":"instock","11":"taxable","12":"shipping-taxable","13":"purchasable","14":"product-type-simple"},"_links":{"self":[{"href":"https:\/\/ifoffice.pt\/index.php?rest_route=\/wp\/v2\/product\/90098","targetHints":{"allow":["GET"]}}],"collection":[{"href":"https:\/\/ifoffice.pt\/index.php?rest_route=\/wp\/v2\/product"}],"about":[{"href":"https:\/\/ifoffice.pt\/index.php?rest_route=\/wp\/v2\/types\/product"}],"replies":[{"embeddable":true,"href":"https:\/\/ifoffice.pt\/index.php?rest_route=%2Fwp%2Fv2%2Fcomments&post=90098"}],"wp:featuredmedia":[{"embeddable":true,"href":"https:\/\/ifoffice.pt\/index.php?rest_route=\/wp\/v2\/media\/122170"}],"wp:attachment":[{"href":"https:\/\/ifoffice.pt\/index.php?rest_route=%2Fwp%2Fv2%2Fmedia&parent=90098"}],"wp:term":[{"taxonomy":"product_brand","embeddable":true,"href":"https:\/\/ifoffice.pt\/index.php?rest_route=%2Fwp%2Fv2%2Fproduct_brand&post=90098"},{"taxonomy":"product_cat","embeddable":true,"href":"https:\/\/ifoffice.pt\/index.php?rest_route=%2Fwp%2Fv2%2Fproduct_cat&post=90098"},{"taxonomy":"product_tag","embeddable":true,"href":"https:\/\/ifoffice.pt\/index.php?rest_route=%2Fwp%2Fv2%2Fproduct_tag&post=90098"}],"curies":[{"name":"wp","href":"https:\/\/api.w.org\/{rel}","templated":true}]}}