{"id":90096,"date":"2021-01-22T21:59:19","date_gmt":"2021-01-22T21:59:19","guid":{"rendered":"https:\/\/ifoffice.pt\/produto\/import-placeholder-for-57151\/"},"modified":"2026-02-23T13:22:51","modified_gmt":"2026-02-23T13:22:51","slug":"liquido-de-limpeza-multiusos-5-l-2","status":"publish","type":"product","link":"https:\/\/ifoffice.pt\/?product=liquido-de-limpeza-multiusos-5-l-2","title":{"rendered":"Liquido de limpeza multiusos 5 l"},"content":{"rendered":"<p>Poderoso gel de limpeza e higienizante de superficies  \u00e0 base uma mistura de tensoativos cati\u00f3nicos, i\u00f3nicos  e \u00e1lcool, atua limpando e higienizando as superficies  sobre as que se aplica. Aplica-se por dilui\u00e7\u00e3o,  sendo necess\u00e1rio s\u00f3 uma pequena quantidade. \u00c9  biodegrad\u00e1vel e n\u00e3o deixa res\u00edduos. Cont\u00e9m 5 L.<\/p>\n","protected":false},"excerpt":{"rendered":"<p>Liquido de limpeza multiusos 5 l<\/p>\n","protected":false},"featured_media":122168,"comment_status":"closed","ping_status":"closed","template":"","meta":{"neve_meta_sidebar":"","neve_meta_container":"","neve_meta_enable_content_width":"","neve_meta_content_width":0,"neve_meta_title_alignment":"","neve_meta_author_avatar":"","neve_post_elements_order":"","neve_meta_disable_header":"","neve_meta_disable_footer":"","neve_meta_disable_title":""},"product_brand":[],"product_cat":[1792],"product_tag":[889],"class_list":{"0":"post-90096","1":"product","2":"type-product","3":"status-publish","4":"has-post-thumbnail","6":"product_cat-produtos-de-limpeza","7":"product_tag-desinfectantes","9":"first","10":"instock","11":"taxable","12":"shipping-taxable","13":"purchasable","14":"product-type-simple"},"_links":{"self":[{"href":"https:\/\/ifoffice.pt\/index.php?rest_route=\/wp\/v2\/product\/90096","targetHints":{"allow":["GET"]}}],"collection":[{"href":"https:\/\/ifoffice.pt\/index.php?rest_route=\/wp\/v2\/product"}],"about":[{"href":"https:\/\/ifoffice.pt\/index.php?rest_route=\/wp\/v2\/types\/product"}],"replies":[{"embeddable":true,"href":"https:\/\/ifoffice.pt\/index.php?rest_route=%2Fwp%2Fv2%2Fcomments&post=90096"}],"wp:featuredmedia":[{"embeddable":true,"href":"https:\/\/ifoffice.pt\/index.php?rest_route=\/wp\/v2\/media\/122168"}],"wp:attachment":[{"href":"https:\/\/ifoffice.pt\/index.php?rest_route=%2Fwp%2Fv2%2Fmedia&parent=90096"}],"wp:term":[{"taxonomy":"product_brand","embeddable":true,"href":"https:\/\/ifoffice.pt\/index.php?rest_route=%2Fwp%2Fv2%2Fproduct_brand&post=90096"},{"taxonomy":"product_cat","embeddable":true,"href":"https:\/\/ifoffice.pt\/index.php?rest_route=%2Fwp%2Fv2%2Fproduct_cat&post=90096"},{"taxonomy":"product_tag","embeddable":true,"href":"https:\/\/ifoffice.pt\/index.php?rest_route=%2Fwp%2Fv2%2Fproduct_tag&post=90096"}],"curies":[{"name":"wp","href":"https:\/\/api.w.org\/{rel}","templated":true}]}}