{"id":89980,"date":"2021-01-22T21:58:30","date_gmt":"2021-01-22T21:58:30","guid":{"rendered":"https:\/\/ifoffice.pt\/produto\/import-placeholder-for-57244\/"},"modified":"2025-03-12T15:17:22","modified_gmt":"2025-03-12T15:17:22","slug":"tela-de-algodao-artist-100-agrafada-por-tras-30x15-cm","status":"publish","type":"product","link":"https:\/\/ifoffice.pt\/?product=tela-de-algodao-artist-100-agrafada-por-tras-30x15-cm","title":{"rendered":"Tela de algodao artist 100% agrafada por tras 30&#215;10 cm"},"content":{"rendered":"<p>Agrafado na parte traseira com agrafes. Tela 100% algod\u00e3o, prepara\u00e7\u00e3o universal. 1,8 cm de espessura.<\/p>\n","protected":false},"excerpt":{"rendered":"<p>Tela de algodao artist 100% agrafada por tras 30&#215;15 cm<\/p>\n","protected":false},"featured_media":122112,"comment_status":"closed","ping_status":"closed","template":"","meta":{"neve_meta_sidebar":"","neve_meta_container":"","neve_meta_enable_content_width":"off","neve_meta_content_width":0,"neve_meta_title_alignment":"","neve_meta_author_avatar":"","neve_post_elements_order":"","neve_meta_disable_header":"","neve_meta_disable_footer":"","neve_meta_disable_title":""},"product_brand":[],"product_cat":[2372],"product_tag":[2373],"class_list":{"0":"post-89980","1":"product","2":"type-product","3":"status-publish","4":"has-post-thumbnail","6":"product_cat-telas-em-cartao","7":"product_tag-lonas","9":"first","10":"instock","11":"taxable","12":"shipping-taxable","13":"purchasable","14":"product-type-simple"},"_links":{"self":[{"href":"https:\/\/ifoffice.pt\/index.php?rest_route=\/wp\/v2\/product\/89980","targetHints":{"allow":["GET"]}}],"collection":[{"href":"https:\/\/ifoffice.pt\/index.php?rest_route=\/wp\/v2\/product"}],"about":[{"href":"https:\/\/ifoffice.pt\/index.php?rest_route=\/wp\/v2\/types\/product"}],"replies":[{"embeddable":true,"href":"https:\/\/ifoffice.pt\/index.php?rest_route=%2Fwp%2Fv2%2Fcomments&post=89980"}],"wp:featuredmedia":[{"embeddable":true,"href":"https:\/\/ifoffice.pt\/index.php?rest_route=\/wp\/v2\/media\/122112"}],"wp:attachment":[{"href":"https:\/\/ifoffice.pt\/index.php?rest_route=%2Fwp%2Fv2%2Fmedia&parent=89980"}],"wp:term":[{"taxonomy":"product_brand","embeddable":true,"href":"https:\/\/ifoffice.pt\/index.php?rest_route=%2Fwp%2Fv2%2Fproduct_brand&post=89980"},{"taxonomy":"product_cat","embeddable":true,"href":"https:\/\/ifoffice.pt\/index.php?rest_route=%2Fwp%2Fv2%2Fproduct_cat&post=89980"},{"taxonomy":"product_tag","embeddable":true,"href":"https:\/\/ifoffice.pt\/index.php?rest_route=%2Fwp%2Fv2%2Fproduct_tag&post=89980"}],"curies":[{"name":"wp","href":"https:\/\/api.w.org\/{rel}","templated":true}]}}