{"id":89402,"date":"2021-01-22T21:54:01","date_gmt":"2021-01-22T21:54:01","guid":{"rendered":"https:\/\/ifoffice.pt\/produto\/import-placeholder-for-58723\/"},"modified":"2026-02-23T13:21:56","modified_gmt":"2026-02-23T13:21:56","slug":"lencos-de-papel-tissu-2-capas-21x207-cm-caixa-de-100-unidades","status":"publish","type":"product","link":"https:\/\/ifoffice.pt\/?product=lencos-de-papel-tissu-2-capas-21x207-cm-caixa-de-100-unidades","title":{"rendered":"Lencos de papel tissu 2 capas 21&#215;20,7 cm caixa de 100 unidades"},"content":{"rendered":"<p>Papel duplo. Caixa de 100 unidades de grande  suavidade e absor\u00e7\u00e3o. Medidas do len\u00e7o: 210 x 207  mm. Gramagem: 16 g\/m2.<\/p>\n","protected":false},"excerpt":{"rendered":"<p>Lencos de papel tissu 2 capas 21&#215;20,7 cm caixa de 100 unidades<\/p>\n","protected":false},"featured_media":121872,"comment_status":"closed","ping_status":"closed","template":"","meta":{"neve_meta_sidebar":"","neve_meta_container":"","neve_meta_enable_content_width":"","neve_meta_content_width":0,"neve_meta_title_alignment":"","neve_meta_author_avatar":"","neve_post_elements_order":"","neve_meta_disable_header":"","neve_meta_disable_footer":"","neve_meta_disable_title":""},"product_brand":[],"product_cat":[1816],"product_tag":[1094],"class_list":{"0":"post-89402","1":"product","2":"type-product","3":"status-publish","4":"has-post-thumbnail","6":"product_cat-lencos-papel-papel-hig-toalhe","7":"product_tag-lencos","9":"first","10":"instock","11":"taxable","12":"shipping-taxable","13":"purchasable","14":"product-type-simple"},"_links":{"self":[{"href":"https:\/\/ifoffice.pt\/index.php?rest_route=\/wp\/v2\/product\/89402","targetHints":{"allow":["GET"]}}],"collection":[{"href":"https:\/\/ifoffice.pt\/index.php?rest_route=\/wp\/v2\/product"}],"about":[{"href":"https:\/\/ifoffice.pt\/index.php?rest_route=\/wp\/v2\/types\/product"}],"replies":[{"embeddable":true,"href":"https:\/\/ifoffice.pt\/index.php?rest_route=%2Fwp%2Fv2%2Fcomments&post=89402"}],"wp:featuredmedia":[{"embeddable":true,"href":"https:\/\/ifoffice.pt\/index.php?rest_route=\/wp\/v2\/media\/121872"}],"wp:attachment":[{"href":"https:\/\/ifoffice.pt\/index.php?rest_route=%2Fwp%2Fv2%2Fmedia&parent=89402"}],"wp:term":[{"taxonomy":"product_brand","embeddable":true,"href":"https:\/\/ifoffice.pt\/index.php?rest_route=%2Fwp%2Fv2%2Fproduct_brand&post=89402"},{"taxonomy":"product_cat","embeddable":true,"href":"https:\/\/ifoffice.pt\/index.php?rest_route=%2Fwp%2Fv2%2Fproduct_cat&post=89402"},{"taxonomy":"product_tag","embeddable":true,"href":"https:\/\/ifoffice.pt\/index.php?rest_route=%2Fwp%2Fv2%2Fproduct_tag&post=89402"}],"curies":[{"name":"wp","href":"https:\/\/api.w.org\/{rel}","templated":true}]}}