{"id":89153,"date":"2021-01-22T21:52:16","date_gmt":"2021-01-22T21:52:16","guid":{"rendered":"https:\/\/ifoffice.pt\/produto\/import-placeholder-for-59411\/"},"modified":"2025-03-12T11:44:50","modified_gmt":"2025-03-12T11:44:50","slug":"rolo-adesivo-liderpapel-veludovermelho-rolo-de-045x10-mt","status":"publish","type":"product","link":"https:\/\/ifoffice.pt\/?product=rolo-adesivo-liderpapel-veludovermelho-rolo-de-045x10-mt","title":{"rendered":"Rolo adesivo liderpapel veludovermelho rolo de 0,45&#215;10 mt"},"content":{"rendered":"<p>Papel plastificado autoadesivo indicado para forrar qualquer superf\u00e1cie como metal, madeira, pl\u00e1stico, paredes&#8217; M\u00faltiplas aplica\u00e7\u00f5es em casa, no escritorio, para trabalhos manuais e no \u00e2mbito escolar. 200 microns de espessura. Medidas: 405 mm x 10 m. O rolo.<\/p>\n","protected":false},"excerpt":{"rendered":"<p>Rolo adesivo liderpapel veludovermelho rolo de 0,45&#215;10 mt<\/p>\n","protected":false},"featured_media":89183,"comment_status":"closed","ping_status":"closed","template":"","meta":{"neve_meta_sidebar":"","neve_meta_container":"","neve_meta_enable_content_width":"","neve_meta_content_width":0,"neve_meta_title_alignment":"","neve_meta_author_avatar":"","neve_post_elements_order":"","neve_meta_disable_header":"","neve_meta_disable_footer":"","neve_meta_disable_title":""},"product_brand":[],"product_cat":[1972],"product_tag":[2184],"class_list":{"0":"post-89153","1":"product","2":"type-product","3":"status-publish","4":"has-post-thumbnail","6":"product_cat-rolos-auto-adesivos","7":"product_tag-camurca","9":"first","10":"outofstock","11":"taxable","12":"shipping-taxable","13":"purchasable","14":"product-type-simple"},"_links":{"self":[{"href":"https:\/\/ifoffice.pt\/index.php?rest_route=\/wp\/v2\/product\/89153","targetHints":{"allow":["GET"]}}],"collection":[{"href":"https:\/\/ifoffice.pt\/index.php?rest_route=\/wp\/v2\/product"}],"about":[{"href":"https:\/\/ifoffice.pt\/index.php?rest_route=\/wp\/v2\/types\/product"}],"replies":[{"embeddable":true,"href":"https:\/\/ifoffice.pt\/index.php?rest_route=%2Fwp%2Fv2%2Fcomments&post=89153"}],"wp:featuredmedia":[{"embeddable":true,"href":"https:\/\/ifoffice.pt\/index.php?rest_route=\/wp\/v2\/media\/89183"}],"wp:attachment":[{"href":"https:\/\/ifoffice.pt\/index.php?rest_route=%2Fwp%2Fv2%2Fmedia&parent=89153"}],"wp:term":[{"taxonomy":"product_brand","embeddable":true,"href":"https:\/\/ifoffice.pt\/index.php?rest_route=%2Fwp%2Fv2%2Fproduct_brand&post=89153"},{"taxonomy":"product_cat","embeddable":true,"href":"https:\/\/ifoffice.pt\/index.php?rest_route=%2Fwp%2Fv2%2Fproduct_cat&post=89153"},{"taxonomy":"product_tag","embeddable":true,"href":"https:\/\/ifoffice.pt\/index.php?rest_route=%2Fwp%2Fv2%2Fproduct_tag&post=89153"}],"curies":[{"name":"wp","href":"https:\/\/api.w.org\/{rel}","templated":true}]}}