{"id":88773,"date":"2021-01-22T21:49:20","date_gmt":"2021-01-22T21:49:20","guid":{"rendered":"https:\/\/ifoffice.pt\/produto\/import-placeholder-for-59978\/"},"modified":"2026-02-23T13:21:15","modified_gmt":"2026-02-23T13:21:15","slug":"lixivia-ace-garrafa-de-2-l","status":"publish","type":"product","link":"https:\/\/ifoffice.pt\/?product=lixivia-ace-garrafa-de-2-l","title":{"rendered":"Lixivia ace garrafa de 2 l"},"content":{"rendered":"<p>Lix\u00edvia com agentes protetores para as fibras e as superf\u00edcies.  Para lavagem \u00e0 m\u00e1quina e manual, e para a higiene e limpeza  do lar. Garrafa 2 litros.<\/p>\n","protected":false},"excerpt":{"rendered":"<p>Lixivia ace garrafa de 2 l<\/p>\n","protected":false},"featured_media":132107,"comment_status":"closed","ping_status":"closed","template":"","meta":{"neve_meta_sidebar":"","neve_meta_container":"","neve_meta_enable_content_width":"off","neve_meta_content_width":0,"neve_meta_title_alignment":"","neve_meta_author_avatar":"","neve_post_elements_order":"","neve_meta_disable_header":"","neve_meta_disable_footer":"","neve_meta_disable_title":""},"product_brand":[],"product_cat":[1792],"product_tag":[957],"class_list":{"0":"post-88773","1":"product","2":"type-product","3":"status-publish","4":"has-post-thumbnail","6":"product_cat-produtos-de-limpeza","7":"product_tag-frasco","9":"first","10":"instock","11":"taxable","12":"shipping-taxable","13":"purchasable","14":"product-type-simple"},"_links":{"self":[{"href":"https:\/\/ifoffice.pt\/index.php?rest_route=\/wp\/v2\/product\/88773","targetHints":{"allow":["GET"]}}],"collection":[{"href":"https:\/\/ifoffice.pt\/index.php?rest_route=\/wp\/v2\/product"}],"about":[{"href":"https:\/\/ifoffice.pt\/index.php?rest_route=\/wp\/v2\/types\/product"}],"replies":[{"embeddable":true,"href":"https:\/\/ifoffice.pt\/index.php?rest_route=%2Fwp%2Fv2%2Fcomments&post=88773"}],"wp:featuredmedia":[{"embeddable":true,"href":"https:\/\/ifoffice.pt\/index.php?rest_route=\/wp\/v2\/media\/132107"}],"wp:attachment":[{"href":"https:\/\/ifoffice.pt\/index.php?rest_route=%2Fwp%2Fv2%2Fmedia&parent=88773"}],"wp:term":[{"taxonomy":"product_brand","embeddable":true,"href":"https:\/\/ifoffice.pt\/index.php?rest_route=%2Fwp%2Fv2%2Fproduct_brand&post=88773"},{"taxonomy":"product_cat","embeddable":true,"href":"https:\/\/ifoffice.pt\/index.php?rest_route=%2Fwp%2Fv2%2Fproduct_cat&post=88773"},{"taxonomy":"product_tag","embeddable":true,"href":"https:\/\/ifoffice.pt\/index.php?rest_route=%2Fwp%2Fv2%2Fproduct_tag&post=88773"}],"curies":[{"name":"wp","href":"https:\/\/api.w.org\/{rel}","templated":true}]}}