{"id":88734,"date":"2021-01-22T21:48:57","date_gmt":"2021-01-22T21:48:57","guid":{"rendered":"https:\/\/ifoffice.pt\/produto\/import-placeholder-for-59993\/"},"modified":"2026-02-23T13:21:13","modified_gmt":"2026-02-23T13:21:13","slug":"esfregao-salva-unhas-scotch-brite-fibra-verde-pack-3x2","status":"publish","type":"product","link":"https:\/\/ifoffice.pt\/?product=esfregao-salva-unhas-scotch-brite-fibra-verde-pack-3x2","title":{"rendered":"Esfregao salva unhas scotch brite fibra verde pack 2+1 gratis"},"content":{"rendered":"<p>Esfreg\u00e3o para proteger as m\u00e3os e unhas no momento de lavar. A sua forma  permite um melhor agarre e maior prote\u00e7\u00e3o de m\u00e3os e unhas. Esponja  amarela por um lado e fibra verde pelo outro. M\u00e1xima efic\u00e1cia e grande  durabilidade. Embalagem 2+1 Gr\u00e1tis.<\/p>\n","protected":false},"excerpt":{"rendered":"<p>Esfregao salva unhas scotch brite fibra verde pack 2+1 gratis<\/p>\n","protected":false},"featured_media":121604,"comment_status":"closed","ping_status":"closed","template":"","meta":{"neve_meta_sidebar":"","neve_meta_container":"","neve_meta_enable_content_width":"off","neve_meta_content_width":0,"neve_meta_title_alignment":"","neve_meta_author_avatar":"","neve_post_elements_order":"","neve_meta_disable_header":"","neve_meta_disable_footer":"","neve_meta_disable_title":""},"product_brand":[],"product_cat":[1792],"product_tag":[2304],"class_list":{"0":"post-88734","1":"product","2":"type-product","3":"status-publish","4":"has-post-thumbnail","6":"product_cat-produtos-de-limpeza","7":"product_tag-esfregao","9":"first","10":"outofstock","11":"taxable","12":"shipping-taxable","13":"purchasable","14":"product-type-simple"},"_links":{"self":[{"href":"https:\/\/ifoffice.pt\/index.php?rest_route=\/wp\/v2\/product\/88734","targetHints":{"allow":["GET"]}}],"collection":[{"href":"https:\/\/ifoffice.pt\/index.php?rest_route=\/wp\/v2\/product"}],"about":[{"href":"https:\/\/ifoffice.pt\/index.php?rest_route=\/wp\/v2\/types\/product"}],"replies":[{"embeddable":true,"href":"https:\/\/ifoffice.pt\/index.php?rest_route=%2Fwp%2Fv2%2Fcomments&post=88734"}],"wp:featuredmedia":[{"embeddable":true,"href":"https:\/\/ifoffice.pt\/index.php?rest_route=\/wp\/v2\/media\/121604"}],"wp:attachment":[{"href":"https:\/\/ifoffice.pt\/index.php?rest_route=%2Fwp%2Fv2%2Fmedia&parent=88734"}],"wp:term":[{"taxonomy":"product_brand","embeddable":true,"href":"https:\/\/ifoffice.pt\/index.php?rest_route=%2Fwp%2Fv2%2Fproduct_brand&post=88734"},{"taxonomy":"product_cat","embeddable":true,"href":"https:\/\/ifoffice.pt\/index.php?rest_route=%2Fwp%2Fv2%2Fproduct_cat&post=88734"},{"taxonomy":"product_tag","embeddable":true,"href":"https:\/\/ifoffice.pt\/index.php?rest_route=%2Fwp%2Fv2%2Fproduct_tag&post=88734"}],"curies":[{"name":"wp","href":"https:\/\/api.w.org\/{rel}","templated":true}]}}