{"id":88655,"date":"2021-01-22T21:48:30","date_gmt":"2021-01-22T21:48:30","guid":{"rendered":"https:\/\/ifoffice.pt\/produto\/import-placeholder-for-62791\/"},"modified":"2026-02-23T14:51:00","modified_gmt":"2026-02-23T14:51:00","slug":"esferografica-bic-multifuncoes-azul-preto-vermelho-lapiseira-05-mm","status":"publish","type":"product","link":"https:\/\/ifoffice.pt\/?product=esferografica-bic-multifuncoes-azul-preto-vermelho-lapiseira-05-mm","title":{"rendered":"Esferografica bic multifuncoes azul \/ preto \/ vermelho \/ lapiseira 0,7 mm"},"content":{"rendered":"<p>Esferogr\u00e1fica retr\u00e1til multifun\u00e7\u00f5es com um completo sistema de 3 pontas de tinta (cores azul, preto e vermelho) e 1 ponta lapiseira HB. Corpo com grip para um maior conforto na escrita. Com borracha de apagar protegida incluida no pulsador. Ponta m\u00e9dia: 1 mm. Tra\u00e7o: 0,4 mm. Tra\u00e7o da lapiseira: 0,5 mm.<\/p>\n","protected":false},"excerpt":{"rendered":"<p>PACK DE 12 UNIDADES<\/p>\n","protected":false},"featured_media":121561,"comment_status":"closed","ping_status":"closed","template":"","meta":{"neve_meta_sidebar":"","neve_meta_container":"","neve_meta_enable_content_width":"off","neve_meta_content_width":0,"neve_meta_title_alignment":"","neve_meta_author_avatar":"","neve_post_elements_order":"","neve_meta_disable_header":"","neve_meta_disable_footer":"","neve_meta_disable_title":""},"product_brand":[],"product_cat":[1761],"product_tag":[815],"class_list":{"0":"post-88655","1":"product","2":"type-product","3":"status-publish","4":"has-post-thumbnail","6":"product_cat-esferograficas","7":"product_tag-retratil","9":"first","10":"instock","11":"taxable","12":"shipping-taxable","13":"purchasable","14":"product-type-simple"},"_links":{"self":[{"href":"https:\/\/ifoffice.pt\/index.php?rest_route=\/wp\/v2\/product\/88655","targetHints":{"allow":["GET"]}}],"collection":[{"href":"https:\/\/ifoffice.pt\/index.php?rest_route=\/wp\/v2\/product"}],"about":[{"href":"https:\/\/ifoffice.pt\/index.php?rest_route=\/wp\/v2\/types\/product"}],"replies":[{"embeddable":true,"href":"https:\/\/ifoffice.pt\/index.php?rest_route=%2Fwp%2Fv2%2Fcomments&post=88655"}],"wp:featuredmedia":[{"embeddable":true,"href":"https:\/\/ifoffice.pt\/index.php?rest_route=\/wp\/v2\/media\/121561"}],"wp:attachment":[{"href":"https:\/\/ifoffice.pt\/index.php?rest_route=%2Fwp%2Fv2%2Fmedia&parent=88655"}],"wp:term":[{"taxonomy":"product_brand","embeddable":true,"href":"https:\/\/ifoffice.pt\/index.php?rest_route=%2Fwp%2Fv2%2Fproduct_brand&post=88655"},{"taxonomy":"product_cat","embeddable":true,"href":"https:\/\/ifoffice.pt\/index.php?rest_route=%2Fwp%2Fv2%2Fproduct_cat&post=88655"},{"taxonomy":"product_tag","embeddable":true,"href":"https:\/\/ifoffice.pt\/index.php?rest_route=%2Fwp%2Fv2%2Fproduct_tag&post=88655"}],"curies":[{"name":"wp","href":"https:\/\/api.w.org\/{rel}","templated":true}]}}