{"id":88592,"date":"2021-01-22T21:48:06","date_gmt":"2021-01-22T21:48:06","guid":{"rendered":"https:\/\/ifoffice.pt\/produto\/import-placeholder-for-62859\/"},"modified":"2026-02-23T13:20:58","modified_gmt":"2026-02-23T13:20:58","slug":"quadro-branco-bi-office-lacada-con-bandeja-integrada-1800x1200-mm","status":"publish","type":"product","link":"https:\/\/ifoffice.pt\/?product=quadro-branco-bi-office-lacada-con-bandeja-integrada-1800x1200-mm","title":{"rendered":"Quadro branco bi-office lacada con bandeja integrada 180&#215;120 cm"},"content":{"rendered":"<p>Superf\u00edcie magn\u00e9tica de alta resist\u00eancia ao desgaste para utiliza\u00e7\u00e3o frequente. Moldura com um design moderno, contrastando alum\u00ednio e pl\u00e1stico em cor branco. Bandeja integrada na moldura. Para utiliza\u00e7\u00e3o com marcadores que apagam em seco e \u00edmanes. Inclui kit de fixa\u00e7\u00e3o \u00e0 parede. O quadro.<\/p>\n","protected":false},"excerpt":{"rendered":"<p>Quadro branco bi-office lacada con bandeja integrada 180&#215;120 cm<\/p>\n","protected":false},"featured_media":121530,"comment_status":"closed","ping_status":"closed","template":"","meta":{"neve_meta_sidebar":"","neve_meta_container":"","neve_meta_enable_content_width":"","neve_meta_content_width":0,"neve_meta_title_alignment":"","neve_meta_author_avatar":"","neve_post_elements_order":"","neve_meta_disable_header":"","neve_meta_disable_footer":"","neve_meta_disable_title":""},"product_brand":[],"product_cat":[1863],"product_tag":[1219],"class_list":{"0":"post-88592","1":"product","2":"type-product","3":"status-publish","4":"has-post-thumbnail","6":"product_cat-quadros-brancos","7":"product_tag-branca","9":"first","10":"instock","11":"taxable","12":"shipping-taxable","13":"purchasable","14":"product-type-simple"},"_links":{"self":[{"href":"https:\/\/ifoffice.pt\/index.php?rest_route=\/wp\/v2\/product\/88592","targetHints":{"allow":["GET"]}}],"collection":[{"href":"https:\/\/ifoffice.pt\/index.php?rest_route=\/wp\/v2\/product"}],"about":[{"href":"https:\/\/ifoffice.pt\/index.php?rest_route=\/wp\/v2\/types\/product"}],"replies":[{"embeddable":true,"href":"https:\/\/ifoffice.pt\/index.php?rest_route=%2Fwp%2Fv2%2Fcomments&post=88592"}],"wp:featuredmedia":[{"embeddable":true,"href":"https:\/\/ifoffice.pt\/index.php?rest_route=\/wp\/v2\/media\/121530"}],"wp:attachment":[{"href":"https:\/\/ifoffice.pt\/index.php?rest_route=%2Fwp%2Fv2%2Fmedia&parent=88592"}],"wp:term":[{"taxonomy":"product_brand","embeddable":true,"href":"https:\/\/ifoffice.pt\/index.php?rest_route=%2Fwp%2Fv2%2Fproduct_brand&post=88592"},{"taxonomy":"product_cat","embeddable":true,"href":"https:\/\/ifoffice.pt\/index.php?rest_route=%2Fwp%2Fv2%2Fproduct_cat&post=88592"},{"taxonomy":"product_tag","embeddable":true,"href":"https:\/\/ifoffice.pt\/index.php?rest_route=%2Fwp%2Fv2%2Fproduct_tag&post=88592"}],"curies":[{"name":"wp","href":"https:\/\/api.w.org\/{rel}","templated":true}]}}