{"id":88542,"date":"2021-01-22T21:15:26","date_gmt":"2021-01-22T21:15:26","guid":{"rendered":"https:\/\/ifoffice.pt\/produto\/import-placeholder-for-62890\/"},"modified":"2026-02-23T13:20:54","modified_gmt":"2026-02-23T13:20:54","slug":"pano-microfibra-po-36x36-cm","status":"publish","type":"product","link":"https:\/\/ifoffice.pt\/?product=pano-microfibra-po-36x36-cm","title":{"rendered":"Pano microfibra p\u00f3 36&#215;36 cm"},"content":{"rendered":"<p>Pano de microfibra muito eficaz e resistente indicado para a limpeza do p\u00f3 e  m\u00f3veis de madeira. Super absorvente e de secagem r\u00e1pida.  Medidas: 360 x 360 mm. Pack de 1 unidade.<\/p>\n","protected":false},"excerpt":{"rendered":"<p>Pano microfibra p\u00f3 36&#215;36 cm<\/p>\n","protected":false},"featured_media":132663,"comment_status":"closed","ping_status":"closed","template":"","meta":{"neve_meta_sidebar":"","neve_meta_container":"","neve_meta_enable_content_width":"off","neve_meta_content_width":0,"neve_meta_title_alignment":"","neve_meta_author_avatar":"","neve_post_elements_order":"","neve_meta_disable_header":"","neve_meta_disable_footer":"","neve_meta_disable_title":""},"product_brand":[],"product_cat":[1792],"product_tag":[2305],"class_list":{"0":"post-88542","1":"product","2":"type-product","3":"status-publish","4":"has-post-thumbnail","6":"product_cat-produtos-de-limpeza","7":"product_tag-panos-de-limpeza","9":"first","10":"instock","11":"taxable","12":"shipping-taxable","13":"purchasable","14":"product-type-simple"},"_links":{"self":[{"href":"https:\/\/ifoffice.pt\/index.php?rest_route=\/wp\/v2\/product\/88542","targetHints":{"allow":["GET"]}}],"collection":[{"href":"https:\/\/ifoffice.pt\/index.php?rest_route=\/wp\/v2\/product"}],"about":[{"href":"https:\/\/ifoffice.pt\/index.php?rest_route=\/wp\/v2\/types\/product"}],"replies":[{"embeddable":true,"href":"https:\/\/ifoffice.pt\/index.php?rest_route=%2Fwp%2Fv2%2Fcomments&post=88542"}],"wp:featuredmedia":[{"embeddable":true,"href":"https:\/\/ifoffice.pt\/index.php?rest_route=\/wp\/v2\/media\/132663"}],"wp:attachment":[{"href":"https:\/\/ifoffice.pt\/index.php?rest_route=%2Fwp%2Fv2%2Fmedia&parent=88542"}],"wp:term":[{"taxonomy":"product_brand","embeddable":true,"href":"https:\/\/ifoffice.pt\/index.php?rest_route=%2Fwp%2Fv2%2Fproduct_brand&post=88542"},{"taxonomy":"product_cat","embeddable":true,"href":"https:\/\/ifoffice.pt\/index.php?rest_route=%2Fwp%2Fv2%2Fproduct_cat&post=88542"},{"taxonomy":"product_tag","embeddable":true,"href":"https:\/\/ifoffice.pt\/index.php?rest_route=%2Fwp%2Fv2%2Fproduct_tag&post=88542"}],"curies":[{"name":"wp","href":"https:\/\/api.w.org\/{rel}","templated":true}]}}