{"id":87311,"date":"2021-01-22T21:07:11","date_gmt":"2021-01-22T21:07:11","guid":{"rendered":"https:\/\/ifoffice.pt\/produto\/import-placeholder-for-64627\/"},"modified":"2025-03-12T15:10:11","modified_gmt":"2025-03-12T15:10:11","slug":"apoio-de-pes-antideslizante-q-connect-poliuretano-940x635x125mm","status":"publish","type":"product","link":"https:\/\/ifoffice.pt\/?product=apoio-de-pes-antideslizante-q-connect-poliuretano-940x635x125mm","title":{"rendered":"Apoio de pes antideslizante q-connect poliuretano 940x635x125mm"},"content":{"rendered":"<p>Apoio de p\u00e9s ergon\u00f3mico ajust\u00e1vel, desenhado para aliviar a tens\u00e3o na zona da coluna. Base antideslizante. Fabricado em pl\u00e1stico.<\/p>\n","protected":false},"excerpt":{"rendered":"<p>Apoio de pes antideslizante q-connect poliuretano 940x635x125mm<\/p>\n","protected":false},"featured_media":120976,"comment_status":"closed","ping_status":"closed","template":"","meta":{"neve_meta_sidebar":"","neve_meta_container":"","neve_meta_enable_content_width":"off","neve_meta_content_width":0,"neve_meta_title_alignment":"","neve_meta_author_avatar":"","neve_post_elements_order":"","neve_meta_disable_header":"","neve_meta_disable_footer":"","neve_meta_disable_title":""},"product_brand":[],"product_cat":[1808],"product_tag":[1190],"class_list":{"0":"post-87311","1":"product","2":"type-product","3":"status-publish","4":"has-post-thumbnail","6":"product_cat-ergonomia","7":"product_tag-apoio-de-pes","9":"first","10":"instock","11":"taxable","12":"shipping-taxable","13":"purchasable","14":"product-type-simple"},"_links":{"self":[{"href":"https:\/\/ifoffice.pt\/index.php?rest_route=\/wp\/v2\/product\/87311","targetHints":{"allow":["GET"]}}],"collection":[{"href":"https:\/\/ifoffice.pt\/index.php?rest_route=\/wp\/v2\/product"}],"about":[{"href":"https:\/\/ifoffice.pt\/index.php?rest_route=\/wp\/v2\/types\/product"}],"replies":[{"embeddable":true,"href":"https:\/\/ifoffice.pt\/index.php?rest_route=%2Fwp%2Fv2%2Fcomments&post=87311"}],"wp:featuredmedia":[{"embeddable":true,"href":"https:\/\/ifoffice.pt\/index.php?rest_route=\/wp\/v2\/media\/120976"}],"wp:attachment":[{"href":"https:\/\/ifoffice.pt\/index.php?rest_route=%2Fwp%2Fv2%2Fmedia&parent=87311"}],"wp:term":[{"taxonomy":"product_brand","embeddable":true,"href":"https:\/\/ifoffice.pt\/index.php?rest_route=%2Fwp%2Fv2%2Fproduct_brand&post=87311"},{"taxonomy":"product_cat","embeddable":true,"href":"https:\/\/ifoffice.pt\/index.php?rest_route=%2Fwp%2Fv2%2Fproduct_cat&post=87311"},{"taxonomy":"product_tag","embeddable":true,"href":"https:\/\/ifoffice.pt\/index.php?rest_route=%2Fwp%2Fv2%2Fproduct_tag&post=87311"}],"curies":[{"name":"wp","href":"https:\/\/api.w.org\/{rel}","templated":true}]}}