{"id":86617,"date":"2021-01-22T21:02:29","date_gmt":"2021-01-22T21:02:29","guid":{"rendered":"https:\/\/ifoffice.pt\/produto\/import-placeholder-for-68210\/"},"modified":"2025-03-12T11:40:00","modified_gmt":"2025-03-12T11:40:00","slug":"expositor-pentel-k110-dual-metallic-com-8-duzias","status":"publish","type":"product","link":"https:\/\/ifoffice.pt\/?product=expositor-pentel-k110-dual-metallic-com-8-duzias","title":{"rendered":"Expositor pentel k110 dual metallic com 8 duzias"},"content":{"rendered":"<p>Roller gel k110 dual Metallic (purpurina). A mistura da tinta pigmentada e glitter em 2 tons permite a cria\u00e7\u00e0o de cores brilhantes que altera conforme o \u00e2ngulo. Dispon\u00e1vel em 8 cores. Ponta de 1,0 mm.<\/p>\n","protected":false},"excerpt":{"rendered":"<p>Expositor pentel k110 dual metallic com 8 duzias<\/p>\n","protected":false},"featured_media":86646,"comment_status":"closed","ping_status":"closed","template":"","meta":{"neve_meta_sidebar":"","neve_meta_container":"","neve_meta_enable_content_width":"off","neve_meta_content_width":0,"neve_meta_title_alignment":"","neve_meta_author_avatar":"","neve_post_elements_order":"","neve_meta_disable_header":"","neve_meta_disable_footer":"","neve_meta_disable_title":""},"product_brand":[],"product_cat":[1761],"product_tag":[924,1437],"class_list":{"0":"post-86617","1":"product","2":"type-product","3":"status-publish","4":"has-post-thumbnail","6":"product_cat-esferograficas","7":"product_tag-com-tampa","8":"product_tag-rollers","10":"first","11":"outofstock","12":"taxable","13":"shipping-taxable","14":"purchasable","15":"product-type-simple"},"_links":{"self":[{"href":"https:\/\/ifoffice.pt\/index.php?rest_route=\/wp\/v2\/product\/86617","targetHints":{"allow":["GET"]}}],"collection":[{"href":"https:\/\/ifoffice.pt\/index.php?rest_route=\/wp\/v2\/product"}],"about":[{"href":"https:\/\/ifoffice.pt\/index.php?rest_route=\/wp\/v2\/types\/product"}],"replies":[{"embeddable":true,"href":"https:\/\/ifoffice.pt\/index.php?rest_route=%2Fwp%2Fv2%2Fcomments&post=86617"}],"wp:featuredmedia":[{"embeddable":true,"href":"https:\/\/ifoffice.pt\/index.php?rest_route=\/wp\/v2\/media\/86646"}],"wp:attachment":[{"href":"https:\/\/ifoffice.pt\/index.php?rest_route=%2Fwp%2Fv2%2Fmedia&parent=86617"}],"wp:term":[{"taxonomy":"product_brand","embeddable":true,"href":"https:\/\/ifoffice.pt\/index.php?rest_route=%2Fwp%2Fv2%2Fproduct_brand&post=86617"},{"taxonomy":"product_cat","embeddable":true,"href":"https:\/\/ifoffice.pt\/index.php?rest_route=%2Fwp%2Fv2%2Fproduct_cat&post=86617"},{"taxonomy":"product_tag","embeddable":true,"href":"https:\/\/ifoffice.pt\/index.php?rest_route=%2Fwp%2Fv2%2Fproduct_tag&post=86617"}],"curies":[{"name":"wp","href":"https:\/\/api.w.org\/{rel}","templated":true}]}}