{"id":85703,"date":"2021-01-22T20:54:19","date_gmt":"2021-01-22T20:54:19","guid":{"rendered":"https:\/\/ifoffice.pt\/produto\/import-placeholder-for-71792\/"},"modified":"2026-02-23T13:17:55","modified_gmt":"2026-02-23T13:17:55","slug":"dispensador-higienico-tork-elevation-t2-de-papel-345x275x132-cm","status":"publish","type":"product","link":"https:\/\/ifoffice.pt\/?product=dispensador-higienico-tork-elevation-t2-de-papel-345x275x132-cm","title":{"rendered":"Dispensador higienico tork elevation t2 de papel 34,5&#215;27,5&#215;13,2 cm"},"content":{"rendered":"<p>Dispensador para papel higi\u00e9nico. Proporciona grande capacidade extra  para papel higi\u00e9nico jumbo. Compartimento para rolo at\u00e9 35 m. Visor  semitransparente para ver quando \u00e9 preciso efetuar a reposi\u00e7\u00e3o. Trav\u00e3o  \u00f3timo dos rolos para uma \u00e1gil dispensa\u00e7\u00e3o sem risco de queda de papel ao  solo. Dentes refor\u00e7ados com fibra de vidro, corte limpo e simples do papel.  Adequado para locais de grande aflu\u00eancia como escolas e outros locais  p\u00fablicos. Cor branco e transparente. Medidas: 34,5 x 27, 5 x 13, 2 cm.<\/p>\n","protected":false},"excerpt":{"rendered":"<p>Dispensador higienico tork elevation t2 de papel 34,5&#215;27,5&#215;13,2 cm<\/p>\n","protected":false},"featured_media":120428,"comment_status":"closed","ping_status":"closed","template":"","meta":{"neve_meta_sidebar":"","neve_meta_container":"","neve_meta_enable_content_width":"","neve_meta_content_width":0,"neve_meta_title_alignment":"","neve_meta_author_avatar":"","neve_post_elements_order":"","neve_meta_disable_header":"","neve_meta_disable_footer":"","neve_meta_disable_title":""},"product_brand":[],"product_cat":[1806],"product_tag":[978],"class_list":{"0":"post-85703","1":"product","2":"type-product","3":"status-publish","4":"has-post-thumbnail","6":"product_cat-dispensadores","7":"product_tag-dispensadores-de-papel","9":"first","10":"instock","11":"taxable","12":"shipping-taxable","13":"purchasable","14":"product-type-simple"},"_links":{"self":[{"href":"https:\/\/ifoffice.pt\/index.php?rest_route=\/wp\/v2\/product\/85703","targetHints":{"allow":["GET"]}}],"collection":[{"href":"https:\/\/ifoffice.pt\/index.php?rest_route=\/wp\/v2\/product"}],"about":[{"href":"https:\/\/ifoffice.pt\/index.php?rest_route=\/wp\/v2\/types\/product"}],"replies":[{"embeddable":true,"href":"https:\/\/ifoffice.pt\/index.php?rest_route=%2Fwp%2Fv2%2Fcomments&post=85703"}],"wp:featuredmedia":[{"embeddable":true,"href":"https:\/\/ifoffice.pt\/index.php?rest_route=\/wp\/v2\/media\/120428"}],"wp:attachment":[{"href":"https:\/\/ifoffice.pt\/index.php?rest_route=%2Fwp%2Fv2%2Fmedia&parent=85703"}],"wp:term":[{"taxonomy":"product_brand","embeddable":true,"href":"https:\/\/ifoffice.pt\/index.php?rest_route=%2Fwp%2Fv2%2Fproduct_brand&post=85703"},{"taxonomy":"product_cat","embeddable":true,"href":"https:\/\/ifoffice.pt\/index.php?rest_route=%2Fwp%2Fv2%2Fproduct_cat&post=85703"},{"taxonomy":"product_tag","embeddable":true,"href":"https:\/\/ifoffice.pt\/index.php?rest_route=%2Fwp%2Fv2%2Fproduct_tag&post=85703"}],"curies":[{"name":"wp","href":"https:\/\/api.w.org\/{rel}","templated":true}]}}