{"id":85341,"date":"2021-01-22T20:52:08","date_gmt":"2021-01-22T20:52:08","guid":{"rendered":"https:\/\/ifoffice.pt\/produto\/import-placeholder-for-72333\/"},"modified":"2025-03-12T15:06:12","modified_gmt":"2025-03-12T15:06:12","slug":"cafe-nescafe-descafeinado-monodosis-caixa-de-10-unidades-2","status":"publish","type":"product","link":"https:\/\/ifoffice.pt\/?product=cafe-nescafe-descafeinado-monodosis-caixa-de-10-unidades-2","title":{"rendered":"Cafe nescafe descafeinado monodosis caixa de 10 unidades"},"content":{"rendered":"<p>Caf\u00e9 Nescaf\u00e9 de 2 g. Caixa de 10 c\u00e1psulas.<\/p>\n","protected":false},"excerpt":{"rendered":"<p>Cafe nescafe descafeinado monodosis caixa de 10 unidades<\/p>\n","protected":false},"featured_media":120294,"comment_status":"closed","ping_status":"closed","template":"","meta":{"neve_meta_sidebar":"","neve_meta_container":"","neve_meta_enable_content_width":"off","neve_meta_content_width":0,"neve_meta_title_alignment":"","neve_meta_author_avatar":"","neve_post_elements_order":"","neve_meta_disable_header":"","neve_meta_disable_footer":"","neve_meta_disable_title":""},"product_brand":[],"product_cat":[2489],"product_tag":[1470],"class_list":{"0":"post-85341","1":"product","2":"type-product","3":"status-publish","4":"has-post-thumbnail","6":"product_cat-cafas-e-infusoes","7":"product_tag-cafe","9":"first","10":"instock","11":"taxable","12":"shipping-taxable","13":"purchasable","14":"product-type-simple"},"_links":{"self":[{"href":"https:\/\/ifoffice.pt\/index.php?rest_route=\/wp\/v2\/product\/85341","targetHints":{"allow":["GET"]}}],"collection":[{"href":"https:\/\/ifoffice.pt\/index.php?rest_route=\/wp\/v2\/product"}],"about":[{"href":"https:\/\/ifoffice.pt\/index.php?rest_route=\/wp\/v2\/types\/product"}],"replies":[{"embeddable":true,"href":"https:\/\/ifoffice.pt\/index.php?rest_route=%2Fwp%2Fv2%2Fcomments&post=85341"}],"wp:featuredmedia":[{"embeddable":true,"href":"https:\/\/ifoffice.pt\/index.php?rest_route=\/wp\/v2\/media\/120294"}],"wp:attachment":[{"href":"https:\/\/ifoffice.pt\/index.php?rest_route=%2Fwp%2Fv2%2Fmedia&parent=85341"}],"wp:term":[{"taxonomy":"product_brand","embeddable":true,"href":"https:\/\/ifoffice.pt\/index.php?rest_route=%2Fwp%2Fv2%2Fproduct_brand&post=85341"},{"taxonomy":"product_cat","embeddable":true,"href":"https:\/\/ifoffice.pt\/index.php?rest_route=%2Fwp%2Fv2%2Fproduct_cat&post=85341"},{"taxonomy":"product_tag","embeddable":true,"href":"https:\/\/ifoffice.pt\/index.php?rest_route=%2Fwp%2Fv2%2Fproduct_tag&post=85341"}],"curies":[{"name":"wp","href":"https:\/\/api.w.org\/{rel}","templated":true}]}}